{"id":2679,"date":"2025-03-13T19:07:11","date_gmt":"2025-03-13T18:07:11","guid":{"rendered":"https:\/\/operaeucharistica.org\/home\/?page_id=2679"},"modified":"2025-09-06T17:03:52","modified_gmt":"2025-09-06T16:03:52","slug":"jornadaseucaristicas","status":"publish","type":"page","link":"https:\/\/operaeucharistica.org\/home\/jornadaseucaristicas\/","title":{"rendered":"jornadaseucaristicas"},"content":{"rendered":"\t\t<div data-elementor-type=\"wp-page\" data-elementor-id=\"2679\" class=\"elementor elementor-2679\" data-elementor-post-type=\"page\">\n\t\t\t\t<div class=\"elementor-element elementor-element-60bd1d8 e-flex e-con-boxed e-con e-parent\" data-id=\"60bd1d8\" data-element_type=\"container\" data-e-type=\"container\" data-settings=\"{&quot;background_background&quot;:&quot;classic&quot;}\">\n\t\t\t\t\t<div class=\"e-con-inner\">\n\t\t\t\t<div class=\"elementor-element elementor-element-4d50414 elementor-widget__width-initial elementor-widget elementor-widget-heading\" data-id=\"4d50414\" data-element_type=\"widget\" data-e-type=\"widget\" data-widget_type=\"heading.default\">\n\t\t\t\t<div class=\"elementor-widget-container\">\n\t\t\t\t\t<h1 class=\"elementor-heading-title elementor-size-default\">V JORNADAS EUCAR\u00cdSTICAS<\/h1>\t\t\t\t<\/div>\n\t\t\t\t<\/div>\n\t\t\t\t<div class=\"elementor-element elementor-element-1d4a817 elementor-widget elementor-widget-text-editor\" data-id=\"1d4a817\" data-element_type=\"widget\" data-e-type=\"widget\" data-widget_type=\"text-editor.default\">\n\t\t\t\t<div class=\"elementor-widget-container\">\n\t\t\t\t\t\t\t\t\t<p><strong>Adoremos in Aeternum Sanctissimum Sacramentum<\/strong><\/p>\t\t\t\t\t\t\t\t<\/div>\n\t\t\t\t<\/div>\n\t\t\t\t\t<\/div>\n\t\t\t\t<\/div>\n\t\t<div class=\"elementor-element elementor-element-b42ed52 e-flex e-con-boxed e-con e-parent\" data-id=\"b42ed52\" data-element_type=\"container\" data-e-type=\"container\">\n\t\t\t\t\t<div class=\"e-con-inner\">\n\t\t\t\t<div class=\"elementor-element elementor-element-07de231 elementor-button-success elementor-mobile-align-justify elementor-widget-mobile__width-inherit elementor-widget elementor-widget-button\" data-id=\"07de231\" data-element_type=\"widget\" data-e-type=\"widget\" data-widget_type=\"button.default\">\n\t\t\t\t<div class=\"elementor-widget-container\">\n\t\t\t\t\t\t\t\t\t<div class=\"elementor-button-wrapper\">\n\t\t\t\t\t<a class=\"elementor-button elementor-button-link elementor-size-sm\" href=\"https:\/\/operaeucharistica.org\/wp-content\/uploads\/2025\/09\/BOLETIN-INSCRIPCION-V-JORNADAS-VALENCIA-2025.pdf\">\n\t\t\t\t\t\t<span class=\"elementor-button-content-wrapper\">\n\t\t\t\t\t\t\t\t\t<span class=\"elementor-button-text\">INSCRIPCI\u00d3N <\/span>\n\t\t\t\t\t<\/span>\n\t\t\t\t\t<\/a>\n\t\t\t\t<\/div>\n\t\t\t\t\t\t\t\t<\/div>\n\t\t\t\t<\/div>\n\t\t\t\t<div class=\"elementor-element elementor-element-5c4a11c elementor-button-success elementor-mobile-align-justify elementor-widget-mobile__width-inherit elementor-widget elementor-widget-button\" data-id=\"5c4a11c\" data-element_type=\"widget\" data-e-type=\"widget\" data-widget_type=\"button.default\">\n\t\t\t\t<div class=\"elementor-widget-container\">\n\t\t\t\t\t\t\t\t\t<div class=\"elementor-button-wrapper\">\n\t\t\t\t\t<a class=\"elementor-button elementor-button-link elementor-size-sm\" href=\"https:\/\/operaeucharistica.org\/wp-content\/uploads\/2025\/09\/PROGRAMA-V-JORNADAS-INTERASOCIACIONES.pdf\">\n\t\t\t\t\t\t<span class=\"elementor-button-content-wrapper\">\n\t\t\t\t\t\t\t\t\t<span class=\"elementor-button-text\">PROGRAMACI\u00d3N<\/span>\n\t\t\t\t\t<\/span>\n\t\t\t\t\t<\/a>\n\t\t\t\t<\/div>\n\t\t\t\t\t\t\t\t<\/div>\n\t\t\t\t<\/div>\n\t\t\t\t\t<\/div>\n\t\t\t\t<\/div>\n\t\t<div class=\"elementor-element elementor-element-2883007 e-flex e-con-boxed e-con e-parent\" data-id=\"2883007\" data-element_type=\"container\" data-e-type=\"container\">\n\t\t\t\t\t<div class=\"e-con-inner\">\n\t\t\t\t\t<\/div>\n\t\t\t\t<\/div>\n\t\t<div class=\"elementor-element elementor-element-51508e2 e-flex e-con-boxed e-con e-parent\" data-id=\"51508e2\" data-element_type=\"container\" data-e-type=\"container\">\n\t\t\t\t\t<div class=\"e-con-inner\">\n\t\t\t\t<div class=\"elementor-element elementor-element-2bdb376 elementor-widget elementor-widget-image\" data-id=\"2bdb376\" data-element_type=\"widget\" data-e-type=\"widget\" data-widget_type=\"image.default\">\n\t\t\t\t<div class=\"elementor-widget-container\">\n\t\t\t\t\t\t\t\t\t\t\t\t\t\t\t<img fetchpriority=\"high\" decoding=\"async\" width=\"721\" height=\"1024\" src=\"https:\/\/operaeucharistica.org\/wp-content\/uploads\/2025\/09\/CARTEL-V-JORNADAS-INTERASOCIACIONES-1-721x1024.jpg\" class=\"attachment-large size-large wp-image-2933\" alt=\"\" srcset=\"https:\/\/operaeucharistica.org\/wp-content\/uploads\/2025\/09\/CARTEL-V-JORNADAS-INTERASOCIACIONES-1-721x1024.jpg 721w, https:\/\/operaeucharistica.org\/wp-content\/uploads\/2025\/09\/CARTEL-V-JORNADAS-INTERASOCIACIONES-1-211x300.jpg 211w, https:\/\/operaeucharistica.org\/wp-content\/uploads\/2025\/09\/CARTEL-V-JORNADAS-INTERASOCIACIONES-1-768x1090.jpg 768w, https:\/\/operaeucharistica.org\/wp-content\/uploads\/2025\/09\/CARTEL-V-JORNADAS-INTERASOCIACIONES-1-1082x1536.jpg 1082w, https:\/\/operaeucharistica.org\/wp-content\/uploads\/2025\/09\/CARTEL-V-JORNADAS-INTERASOCIACIONES-1.jpg 1127w\" sizes=\"(max-width: 721px) 100vw, 721px\" \/>\t\t\t\t\t\t\t\t\t\t\t\t\t\t\t<\/div>\n\t\t\t\t<\/div>\n\t\t\t\t\t<\/div>\n\t\t\t\t<\/div>\n\t\t\t\t<\/div>\n\t\t","protected":false},"excerpt":{"rendered":"<p>V JORNADAS EUCAR\u00cdSTICAS Adoremos in Aeternum Sanctissimum Sacramentum INSCRIPCI\u00d3N PROGRAMACI\u00d3N<\/p>\n","protected":false},"author":1,"featured_media":0,"parent":0,"menu_order":0,"comment_status":"closed","ping_status":"closed","template":"elementor_header_footer","meta":{"_joinchat":[],"footnotes":""},"class_list":["post-2679","page","type-page","status-publish","hentry"],"yoast_head":"<!-- This site is optimized with the Yoast SEO plugin v24.3 - https:\/\/yoast.com\/wordpress\/plugins\/seo\/ -->\n<title>jornadaseucaristicas - Opera Eucharistica<\/title>\n<meta name=\"robots\" content=\"noindex, follow, max-snippet:-1, max-image-preview:large, max-video-preview:-1\" \/>\n<meta property=\"og:locale\" content=\"es_ES\" \/>\n<meta property=\"og:type\" content=\"article\" \/>\n<meta property=\"og:title\" content=\"jornadaseucaristicas - Opera Eucharistica\" \/>\n<meta property=\"og:description\" content=\"V JORNADAS EUCAR\u00cdSTICAS Adoremos in Aeternum Sanctissimum Sacramentum INSCRIPCI\u00d3N PROGRAMACI\u00d3N\" \/>\n<meta property=\"og:url\" content=\"https:\/\/operaeucharistica.org\/home\/jornadaseucaristicas\/\" \/>\n<meta property=\"og:site_name\" content=\"Opera Eucharistica\" \/>\n<meta property=\"article:publisher\" content=\"https:\/\/www.facebook.com\/ttecumviajes\/\" \/>\n<meta property=\"article:modified_time\" content=\"2025-09-06T16:03:52+00:00\" \/>\n<meta property=\"og:image\" content=\"https:\/\/operaeucharistica.org\/wp-content\/uploads\/2025\/09\/CARTEL-V-JORNADAS-INTERASOCIACIONES-1.jpg\" \/>\n\t<meta property=\"og:image:width\" content=\"1127\" \/>\n\t<meta property=\"og:image:height\" content=\"1600\" \/>\n\t<meta property=\"og:image:type\" content=\"image\/jpeg\" \/>\n<meta name=\"twitter:card\" content=\"summary_large_image\" \/>\n<meta name=\"twitter:label1\" content=\"Tiempo de lectura\" \/>\n\t<meta name=\"twitter:data1\" content=\"1 minuto\" \/>\n<script type=\"application\/ld+json\" class=\"yoast-schema-graph\">{\"@context\":\"https:\/\/schema.org\",\"@graph\":[{\"@type\":\"WebPage\",\"@id\":\"https:\/\/operaeucharistica.org\/home\/jornadaseucaristicas\/\",\"url\":\"https:\/\/operaeucharistica.org\/home\/jornadaseucaristicas\/\",\"name\":\"jornadaseucaristicas - Opera Eucharistica\",\"isPartOf\":{\"@id\":\"https:\/\/operaeucharistica.org\/home\/#website\"},\"primaryImageOfPage\":{\"@id\":\"https:\/\/operaeucharistica.org\/home\/jornadaseucaristicas\/#primaryimage\"},\"image\":{\"@id\":\"https:\/\/operaeucharistica.org\/home\/jornadaseucaristicas\/#primaryimage\"},\"thumbnailUrl\":\"https:\/\/operaeucharistica.org\/wp-content\/uploads\/2025\/09\/CARTEL-V-JORNADAS-INTERASOCIACIONES-1-721x1024.jpg\",\"datePublished\":\"2025-03-13T18:07:11+00:00\",\"dateModified\":\"2025-09-06T16:03:52+00:00\",\"breadcrumb\":{\"@id\":\"https:\/\/operaeucharistica.org\/home\/jornadaseucaristicas\/#breadcrumb\"},\"inLanguage\":\"es\",\"potentialAction\":[{\"@type\":\"ReadAction\",\"target\":[\"https:\/\/operaeucharistica.org\/home\/jornadaseucaristicas\/\"]}]},{\"@type\":\"ImageObject\",\"inLanguage\":\"es\",\"@id\":\"https:\/\/operaeucharistica.org\/home\/jornadaseucaristicas\/#primaryimage\",\"url\":\"https:\/\/operaeucharistica.org\/wp-content\/uploads\/2025\/09\/CARTEL-V-JORNADAS-INTERASOCIACIONES-1-721x1024.jpg\",\"contentUrl\":\"https:\/\/operaeucharistica.org\/wp-content\/uploads\/2025\/09\/CARTEL-V-JORNADAS-INTERASOCIACIONES-1-721x1024.jpg\"},{\"@type\":\"BreadcrumbList\",\"@id\":\"https:\/\/operaeucharistica.org\/home\/jornadaseucaristicas\/#breadcrumb\",\"itemListElement\":[{\"@type\":\"ListItem\",\"position\":1,\"name\":\"Portada\",\"item\":\"https:\/\/operaeucharistica.org\/home\/\"},{\"@type\":\"ListItem\",\"position\":2,\"name\":\"jornadaseucaristicas\"}]},{\"@type\":\"WebSite\",\"@id\":\"https:\/\/operaeucharistica.org\/home\/#website\",\"url\":\"https:\/\/operaeucharistica.org\/home\/\",\"name\":\"Tecum Viajes\",\"description\":\"Fundac\u00edon de las Obras Eucaristicas\",\"potentialAction\":[{\"@type\":\"SearchAction\",\"target\":{\"@type\":\"EntryPoint\",\"urlTemplate\":\"https:\/\/operaeucharistica.org\/home\/?s={search_term_string}\"},\"query-input\":{\"@type\":\"PropertyValueSpecification\",\"valueRequired\":true,\"valueName\":\"search_term_string\"}}],\"inLanguage\":\"es\"}]}<\/script>\n<!-- \/ Yoast SEO plugin. -->","yoast_head_json":{"title":"jornadaseucaristicas - Opera Eucharistica","robots":{"index":"noindex","follow":"follow","max-snippet":"max-snippet:-1","max-image-preview":"max-image-preview:large","max-video-preview":"max-video-preview:-1"},"og_locale":"es_ES","og_type":"article","og_title":"jornadaseucaristicas - Opera Eucharistica","og_description":"V JORNADAS EUCAR\u00cdSTICAS Adoremos in Aeternum Sanctissimum Sacramentum INSCRIPCI\u00d3N PROGRAMACI\u00d3N","og_url":"https:\/\/operaeucharistica.org\/home\/jornadaseucaristicas\/","og_site_name":"Opera Eucharistica","article_publisher":"https:\/\/www.facebook.com\/ttecumviajes\/","article_modified_time":"2025-09-06T16:03:52+00:00","og_image":[{"width":1127,"height":1600,"url":"https:\/\/operaeucharistica.org\/wp-content\/uploads\/2025\/09\/CARTEL-V-JORNADAS-INTERASOCIACIONES-1.jpg","type":"image\/jpeg"}],"twitter_card":"summary_large_image","twitter_misc":{"Tiempo de lectura":"1 minuto"},"schema":{"@context":"https:\/\/schema.org","@graph":[{"@type":"WebPage","@id":"https:\/\/operaeucharistica.org\/home\/jornadaseucaristicas\/","url":"https:\/\/operaeucharistica.org\/home\/jornadaseucaristicas\/","name":"jornadaseucaristicas - Opera Eucharistica","isPartOf":{"@id":"https:\/\/operaeucharistica.org\/home\/#website"},"primaryImageOfPage":{"@id":"https:\/\/operaeucharistica.org\/home\/jornadaseucaristicas\/#primaryimage"},"image":{"@id":"https:\/\/operaeucharistica.org\/home\/jornadaseucaristicas\/#primaryimage"},"thumbnailUrl":"https:\/\/operaeucharistica.org\/wp-content\/uploads\/2025\/09\/CARTEL-V-JORNADAS-INTERASOCIACIONES-1-721x1024.jpg","datePublished":"2025-03-13T18:07:11+00:00","dateModified":"2025-09-06T16:03:52+00:00","breadcrumb":{"@id":"https:\/\/operaeucharistica.org\/home\/jornadaseucaristicas\/#breadcrumb"},"inLanguage":"es","potentialAction":[{"@type":"ReadAction","target":["https:\/\/operaeucharistica.org\/home\/jornadaseucaristicas\/"]}]},{"@type":"ImageObject","inLanguage":"es","@id":"https:\/\/operaeucharistica.org\/home\/jornadaseucaristicas\/#primaryimage","url":"https:\/\/operaeucharistica.org\/wp-content\/uploads\/2025\/09\/CARTEL-V-JORNADAS-INTERASOCIACIONES-1-721x1024.jpg","contentUrl":"https:\/\/operaeucharistica.org\/wp-content\/uploads\/2025\/09\/CARTEL-V-JORNADAS-INTERASOCIACIONES-1-721x1024.jpg"},{"@type":"BreadcrumbList","@id":"https:\/\/operaeucharistica.org\/home\/jornadaseucaristicas\/#breadcrumb","itemListElement":[{"@type":"ListItem","position":1,"name":"Portada","item":"https:\/\/operaeucharistica.org\/home\/"},{"@type":"ListItem","position":2,"name":"jornadaseucaristicas"}]},{"@type":"WebSite","@id":"https:\/\/operaeucharistica.org\/home\/#website","url":"https:\/\/operaeucharistica.org\/home\/","name":"Tecum Viajes","description":"Fundac\u00edon de las Obras Eucaristicas","potentialAction":[{"@type":"SearchAction","target":{"@type":"EntryPoint","urlTemplate":"https:\/\/operaeucharistica.org\/home\/?s={search_term_string}"},"query-input":{"@type":"PropertyValueSpecification","valueRequired":true,"valueName":"search_term_string"}}],"inLanguage":"es"}]}},"_links":{"self":[{"href":"https:\/\/operaeucharistica.org\/home\/wp-json\/wp\/v2\/pages\/2679","targetHints":{"allow":["GET"]}}],"collection":[{"href":"https:\/\/operaeucharistica.org\/home\/wp-json\/wp\/v2\/pages"}],"about":[{"href":"https:\/\/operaeucharistica.org\/home\/wp-json\/wp\/v2\/types\/page"}],"author":[{"embeddable":true,"href":"https:\/\/operaeucharistica.org\/home\/wp-json\/wp\/v2\/users\/1"}],"replies":[{"embeddable":true,"href":"https:\/\/operaeucharistica.org\/home\/wp-json\/wp\/v2\/comments?post=2679"}],"version-history":[{"count":14,"href":"https:\/\/operaeucharistica.org\/home\/wp-json\/wp\/v2\/pages\/2679\/revisions"}],"predecessor-version":[{"id":2940,"href":"https:\/\/operaeucharistica.org\/home\/wp-json\/wp\/v2\/pages\/2679\/revisions\/2940"}],"wp:attachment":[{"href":"https:\/\/operaeucharistica.org\/home\/wp-json\/wp\/v2\/media?parent=2679"}],"curies":[{"name":"wp","href":"https:\/\/api.w.org\/{rel}","templated":true}]}}

<div data-elementor-type="wp-page" data-elementor-id="2679" class="elementor elementor-2679" data-elementor-post-type="page">
				<div class="elementor-element elementor-element-60bd1d8 e-flex e-con-boxed e-con e-parent" data-id="60bd1d8" data-element_type="container" data-e-type="container" data-settings="{&quot;background_background&quot;:&quot;classic&quot;}">
					<div class="e-con-inner">
				<div class="elementor-element elementor-element-4d50414 elementor-widget__width-initial elementor-widget elementor-widget-heading" data-id="4d50414" data-element_type="widget" data-e-type="widget" data-widget_type="heading.default">
				<div class="elementor-widget-container">
					<h1 class="elementor-heading-title elementor-size-default">V JORNADAS EUCARÍSTICAS</h1>				</div>
				</div>
				<div class="elementor-element elementor-element-1d4a817 elementor-widget elementor-widget-text-editor" data-id="1d4a817" data-element_type="widget" data-e-type="widget" data-widget_type="text-editor.default">
				<div class="elementor-widget-container">
									<p><strong>Adoremos in Aeternum Sanctissimum Sacramentum</strong></p>								</div>
				</div>
					</div>
				</div>
		<div class="elementor-element elementor-element-b42ed52 e-flex e-con-boxed e-con e-parent" data-id="b42ed52" data-element_type="container" data-e-type="container">
					<div class="e-con-inner">
				<div class="elementor-element elementor-element-07de231 elementor-button-success elementor-mobile-align-justify elementor-widget-mobile__width-inherit elementor-widget elementor-widget-button" data-id="07de231" data-element_type="widget" data-e-type="widget" data-widget_type="button.default">
				<div class="elementor-widget-container">
									<div class="elementor-button-wrapper">
					<a class="elementor-button elementor-button-link elementor-size-sm" href="https://operaeucharistica.org/wp-content/uploads/2025/09/BOLETIN-INSCRIPCION-V-JORNADAS-VALENCIA-2025.pdf">
						<span class="elementor-button-content-wrapper">
									<span class="elementor-button-text">INSCRIPCIÓN </span>
					</span>
					</a>
				</div>
								</div>
				</div>
				<div class="elementor-element elementor-element-5c4a11c elementor-button-success elementor-mobile-align-justify elementor-widget-mobile__width-inherit elementor-widget elementor-widget-button" data-id="5c4a11c" data-element_type="widget" data-e-type="widget" data-widget_type="button.default">
				<div class="elementor-widget-container">
									<div class="elementor-button-wrapper">
					<a class="elementor-button elementor-button-link elementor-size-sm" href="https://operaeucharistica.org/wp-content/uploads/2025/09/PROGRAMA-V-JORNADAS-INTERASOCIACIONES.pdf">
						<span class="elementor-button-content-wrapper">
									<span class="elementor-button-text">PROGRAMACIÓN</span>
					</span>
					</a>
				</div>
								</div>
				</div>
					</div>
				</div>
		<div class="elementor-element elementor-element-2883007 e-flex e-con-boxed e-con e-parent" data-id="2883007" data-element_type="container" data-e-type="container">
					<div class="e-con-inner">
					</div>
				</div>
		<div class="elementor-element elementor-element-51508e2 e-flex e-con-boxed e-con e-parent" data-id="51508e2" data-element_type="container" data-e-type="container">
					<div class="e-con-inner">
				<div class="elementor-element elementor-element-2bdb376 elementor-widget elementor-widget-image" data-id="2bdb376" data-element_type="widget" data-e-type="widget" data-widget_type="image.default">
				<div class="elementor-widget-container">
															<img fetchpriority="high" decoding="async" width="721" height="1024" src="https://operaeucharistica.org/wp-content/uploads/2025/09/CARTEL-V-JORNADAS-INTERASOCIACIONES-1-721x1024.jpg" class="attachment-large size-large wp-image-2933" alt="" srcset="https://operaeucharistica.org/wp-content/uploads/2025/09/CARTEL-V-JORNADAS-INTERASOCIACIONES-1-721x1024.jpg 721w, https://operaeucharistica.org/wp-content/uploads/2025/09/CARTEL-V-JORNADAS-INTERASOCIACIONES-1-211x300.jpg 211w, https://operaeucharistica.org/wp-content/uploads/2025/09/CARTEL-V-JORNADAS-INTERASOCIACIONES-1-768x1090.jpg 768w, https://operaeucharistica.org/wp-content/uploads/2025/09/CARTEL-V-JORNADAS-INTERASOCIACIONES-1-1082x1536.jpg 1082w, https://operaeucharistica.org/wp-content/uploads/2025/09/CARTEL-V-JORNADAS-INTERASOCIACIONES-1.jpg 1127w" sizes="(max-width: 721px) 100vw, 721px" />															</div>
				</div>
					</div>
				</div>
				</div>

<p>V JORNADAS EUCARÍSTICAS Adoremos in Aeternum Sanctissimum Sacramentum INSCRIPCIÓN PROGRAMACIÓN</p>

<!-- This site is optimized with the Yoast SEO plugin v24.3 - https://yoast.com/wordpress/plugins/seo/ -->
<title>jornadaseucaristicas - Opera Eucharistica</title>
<meta name="robots" content="noindex, follow, max-snippet:-1, max-image-preview:large, max-video-preview:-1" />
<meta property="og:locale" content="es_ES" />
<meta property="og:type" content="article" />
<meta property="og:title" content="jornadaseucaristicas - Opera Eucharistica" />
<meta property="og:description" content="V JORNADAS EUCARÍSTICAS Adoremos in Aeternum Sanctissimum Sacramentum INSCRIPCIÓN PROGRAMACIÓN" />
<meta property="og:url" content="https://operaeucharistica.org/home/jornadaseucaristicas/" />
<meta property="og:site_name" content="Opera Eucharistica" />
<meta property="article:publisher" content="https://www.facebook.com/ttecumviajes/" />
<meta property="article:modified_time" content="2025-09-06T16:03:52+00:00" />
<meta property="og:image" content="https://operaeucharistica.org/wp-content/uploads/2025/09/CARTEL-V-JORNADAS-INTERASOCIACIONES-1.jpg" />
	<meta property="og:image:width" content="1127" />
	<meta property="og:image:height" content="1600" />
	<meta property="og:image:type" content="image/jpeg" />
<meta name="twitter:card" content="summary_large_image" />
<meta name="twitter:label1" content="Tiempo de lectura" />
	<meta name="twitter:data1" content="1 minuto" />
<script type="application/ld+json" class="yoast-schema-graph">{"@context":"https://schema.org","@graph":[{"@type":"WebPage","@id":"https://operaeucharistica.org/home/jornadaseucaristicas/","url":"https://operaeucharistica.org/home/jornadaseucaristicas/","name":"jornadaseucaristicas - Opera Eucharistica","isPartOf":{"@id":"https://operaeucharistica.org/home/#website"},"primaryImageOfPage":{"@id":"https://operaeucharistica.org/home/jornadaseucaristicas/#primaryimage"},"image":{"@id":"https://operaeucharistica.org/home/jornadaseucaristicas/#primaryimage"},"thumbnailUrl":"https://operaeucharistica.org/wp-content/uploads/2025/09/CARTEL-V-JORNADAS-INTERASOCIACIONES-1-721x1024.jpg","datePublished":"2025-03-13T18:07:11+00:00","dateModified":"2025-09-06T16:03:52+00:00","breadcrumb":{"@id":"https://operaeucharistica.org/home/jornadaseucaristicas/#breadcrumb"},"inLanguage":"es","potentialAction":[{"@type":"ReadAction","target":["https://operaeucharistica.org/home/jornadaseucaristicas/"]}]},{"@type":"ImageObject","inLanguage":"es","@id":"https://operaeucharistica.org/home/jornadaseucaristicas/#primaryimage","url":"https://operaeucharistica.org/wp-content/uploads/2025/09/CARTEL-V-JORNADAS-INTERASOCIACIONES-1-721x1024.jpg","contentUrl":"https://operaeucharistica.org/wp-content/uploads/2025/09/CARTEL-V-JORNADAS-INTERASOCIACIONES-1-721x1024.jpg"},{"@type":"BreadcrumbList","@id":"https://operaeucharistica.org/home/jornadaseucaristicas/#breadcrumb","itemListElement":[{"@type":"ListItem","position":1,"name":"Portada","item":"https://operaeucharistica.org/home/"},{"@type":"ListItem","position":2,"name":"jornadaseucaristicas"}]},{"@type":"WebSite","@id":"https://operaeucharistica.org/home/#website","url":"https://operaeucharistica.org/home/","name":"Tecum Viajes","description":"Fundacíon de las Obras Eucaristicas","potentialAction":[{"@type":"SearchAction","target":{"@type":"EntryPoint","urlTemplate":"https://operaeucharistica.org/home/?s={search_term_string}"},"query-input":{"@type":"PropertyValueSpecification","valueRequired":true,"valueName":"search_term_string"}}],"inLanguage":"es"}]}</script>
<!-- / Yoast SEO plugin. -->

V JORNADAS EUCARÍSTICAS Adoremos in Aeternum Sanctissimum Sacramentum INSCRIPCIÓN PROGRAMACIÓN

Fundacíon de las Obras Eucaristicas
