{"id":2646,"date":"2025-02-22T19:35:43","date_gmt":"2025-02-22T18:35:43","guid":{"rendered":"https:\/\/operaeucharistica.org\/home\/?page_id=2646"},"modified":"2025-02-22T19:38:01","modified_gmt":"2025-02-22T18:38:01","slug":"patrondelafederacion","status":"publish","type":"page","link":"https:\/\/operaeucharistica.org\/home\/patrondelafederacion\/","title":{"rendered":"Patr\u00f3n de la federaci\u00f3n"},"content":{"rendered":"\t\t<div data-elementor-type=\"wp-page\" data-elementor-id=\"2646\" class=\"elementor elementor-2646\" data-elementor-post-type=\"page\">\n\t\t\t\t<div class=\"elementor-element elementor-element-60bd1d8 e-flex e-con-boxed e-con e-parent\" data-id=\"60bd1d8\" data-element_type=\"container\" data-e-type=\"container\" data-settings=\"{&quot;background_background&quot;:&quot;classic&quot;}\">\n\t\t\t\t\t<div class=\"e-con-inner\">\n\t\t\t\t<div class=\"elementor-element elementor-element-4d50414 elementor-widget__width-initial elementor-widget elementor-widget-heading\" data-id=\"4d50414\" data-element_type=\"widget\" data-e-type=\"widget\" data-widget_type=\"heading.default\">\n\t\t\t\t<div class=\"elementor-widget-container\">\n\t\t\t\t\t<h1 class=\"elementor-heading-title elementor-size-default\">Patr\u00f3n de la Federaci\u00f3n<\/h1>\t\t\t\t<\/div>\n\t\t\t\t<\/div>\n\t\t\t\t<div class=\"elementor-element elementor-element-1d4a817 elementor-widget elementor-widget-text-editor\" data-id=\"1d4a817\" data-element_type=\"widget\" data-e-type=\"widget\" data-widget_type=\"text-editor.default\">\n\t\t\t\t<div class=\"elementor-widget-container\">\n\t\t\t\t\t\t\t\t\t<p><strong>Decreto de Nombramiento<\/strong><\/p>\t\t\t\t\t\t\t\t<\/div>\n\t\t\t\t<\/div>\n\t\t\t\t\t<\/div>\n\t\t\t\t<\/div>\n\t\t<div class=\"elementor-element elementor-element-2883007 e-flex e-con-boxed e-con e-parent\" data-id=\"2883007\" data-element_type=\"container\" data-e-type=\"container\">\n\t\t\t\t\t<div class=\"e-con-inner\">\n\t\t\t\t\t<\/div>\n\t\t\t\t<\/div>\n\t\t<div class=\"elementor-element elementor-element-02d6205 e-flex e-con-boxed e-con e-parent\" data-id=\"02d6205\" data-element_type=\"container\" data-e-type=\"container\">\n\t\t\t\t\t<div class=\"e-con-inner\">\n\t\t\t\t<div class=\"elementor-element elementor-element-a606d4c elementor-widget-divider--view-line elementor-widget elementor-widget-divider\" data-id=\"a606d4c\" data-element_type=\"widget\" data-e-type=\"widget\" data-widget_type=\"divider.default\">\n\t\t\t\t<div class=\"elementor-widget-container\">\n\t\t\t\t\t\t\t<div class=\"elementor-divider\">\n\t\t\t<span class=\"elementor-divider-separator\">\n\t\t\t\t\t\t<\/span>\n\t\t<\/div>\n\t\t\t\t\t\t<\/div>\n\t\t\t\t<\/div>\n\t\t\t\t\t<\/div>\n\t\t\t\t<\/div>\n\t\t<div class=\"elementor-element elementor-element-db7c97a e-flex e-con-boxed e-con e-parent\" data-id=\"db7c97a\" data-element_type=\"container\" data-e-type=\"container\">\n\t\t\t\t\t<div class=\"e-con-inner\">\n\t\t\t\t<div class=\"elementor-element elementor-element-3723009 elementor-widget elementor-widget-heading\" data-id=\"3723009\" data-element_type=\"widget\" data-e-type=\"widget\" data-widget_type=\"heading.default\">\n\t\t\t\t<div class=\"elementor-widget-container\">\n\t\t\t\t\t<h2 class=\"elementor-heading-title elementor-size-default\">La Congregaci\u00f3n para el Culto Divino y la Disciplina de los Sacramentos, ha concedido nombrar como Protector a San Juan Pablo II como <br>\"PATRONO ANTE DIOS\" (Protector celestial de la Federaci\u00f3n)<\/h2>\t\t\t\t<\/div>\n\t\t\t\t<\/div>\n\t\t\t\t<div class=\"elementor-element elementor-element-1f6fd86 elementor-widget elementor-widget-image\" data-id=\"1f6fd86\" data-element_type=\"widget\" data-e-type=\"widget\" data-widget_type=\"image.default\">\n\t\t\t\t<div class=\"elementor-widget-container\">\n\t\t\t\t\t\t\t\t\t\t\t\t\t\t\t<img fetchpriority=\"high\" decoding=\"async\" width=\"724\" height=\"1024\" src=\"https:\/\/operaeucharistica.org\/wp-content\/uploads\/2025\/02\/Diseno-sin-titulo-4-724x1024.jpg\" class=\"attachment-large size-large wp-image-2649\" alt=\"\" srcset=\"https:\/\/operaeucharistica.org\/wp-content\/uploads\/2025\/02\/Diseno-sin-titulo-4-724x1024.jpg 724w, https:\/\/operaeucharistica.org\/wp-content\/uploads\/2025\/02\/Diseno-sin-titulo-4-212x300.jpg 212w, https:\/\/operaeucharistica.org\/wp-content\/uploads\/2025\/02\/Diseno-sin-titulo-4-768x1086.jpg 768w, https:\/\/operaeucharistica.org\/wp-content\/uploads\/2025\/02\/Diseno-sin-titulo-4-1086x1536.jpg 1086w, https:\/\/operaeucharistica.org\/wp-content\/uploads\/2025\/02\/Diseno-sin-titulo-4.jpg 1414w\" sizes=\"(max-width: 724px) 100vw, 724px\" \/>\t\t\t\t\t\t\t\t\t\t\t\t\t\t\t<\/div>\n\t\t\t\t<\/div>\n\t\t\t\t\t<\/div>\n\t\t\t\t<\/div>\n\t\t\t\t<\/div>\n\t\t","protected":false},"excerpt":{"rendered":"<p>Patr\u00f3n de la Federaci\u00f3n Decreto de Nombramiento La Congregaci\u00f3n para el Culto Divino y la Disciplina de los Sacramentos, ha concedido nombrar como Protector a San Juan Pablo II como \u00abPATRONO ANTE DIOS\u00bb (Protector celestial de la Federaci\u00f3n)<\/p>\n","protected":false},"author":1,"featured_media":0,"parent":0,"menu_order":0,"comment_status":"closed","ping_status":"closed","template":"elementor_header_footer","meta":{"_joinchat":[],"footnotes":""},"class_list":["post-2646","page","type-page","status-publish","hentry"],"yoast_head":"<!-- This site is optimized with the Yoast SEO plugin v24.3 - https:\/\/yoast.com\/wordpress\/plugins\/seo\/ -->\n<title>Patr\u00f3n de la federaci\u00f3n - Opera Eucharistica<\/title>\n<meta name=\"robots\" content=\"noindex, follow, max-snippet:-1, max-image-preview:large, max-video-preview:-1\" \/>\n<meta property=\"og:locale\" content=\"es_ES\" \/>\n<meta property=\"og:type\" content=\"article\" \/>\n<meta property=\"og:title\" content=\"Patr\u00f3n de la federaci\u00f3n - Opera Eucharistica\" \/>\n<meta property=\"og:description\" content=\"Patr\u00f3n de la Federaci\u00f3n Decreto de Nombramiento La Congregaci\u00f3n para el Culto Divino y la Disciplina de los Sacramentos, ha concedido nombrar como Protector a San Juan Pablo II como \u00abPATRONO ANTE DIOS\u00bb (Protector celestial de la Federaci\u00f3n)\" \/>\n<meta property=\"og:url\" content=\"https:\/\/operaeucharistica.org\/home\/patrondelafederacion\/\" \/>\n<meta property=\"og:site_name\" content=\"Opera Eucharistica\" \/>\n<meta property=\"article:publisher\" content=\"https:\/\/www.facebook.com\/ttecumviajes\/\" \/>\n<meta property=\"article:modified_time\" content=\"2025-02-22T18:38:01+00:00\" \/>\n<meta property=\"og:image\" content=\"https:\/\/operaeucharistica.org\/wp-content\/uploads\/2025\/02\/Diseno-sin-titulo-4.jpg\" \/>\n\t<meta property=\"og:image:width\" content=\"1414\" \/>\n\t<meta property=\"og:image:height\" content=\"2000\" \/>\n\t<meta property=\"og:image:type\" content=\"image\/jpeg\" \/>\n<meta name=\"twitter:card\" content=\"summary_large_image\" \/>\n<meta name=\"twitter:label1\" content=\"Tiempo de lectura\" \/>\n\t<meta name=\"twitter:data1\" content=\"1 minuto\" \/>\n<script type=\"application\/ld+json\" class=\"yoast-schema-graph\">{\"@context\":\"https:\/\/schema.org\",\"@graph\":[{\"@type\":\"WebPage\",\"@id\":\"https:\/\/operaeucharistica.org\/home\/patrondelafederacion\/\",\"url\":\"https:\/\/operaeucharistica.org\/home\/patrondelafederacion\/\",\"name\":\"Patr\u00f3n de la federaci\u00f3n - Opera Eucharistica\",\"isPartOf\":{\"@id\":\"https:\/\/operaeucharistica.org\/home\/#website\"},\"primaryImageOfPage\":{\"@id\":\"https:\/\/operaeucharistica.org\/home\/patrondelafederacion\/#primaryimage\"},\"image\":{\"@id\":\"https:\/\/operaeucharistica.org\/home\/patrondelafederacion\/#primaryimage\"},\"thumbnailUrl\":\"https:\/\/operaeucharistica.org\/wp-content\/uploads\/2025\/02\/Diseno-sin-titulo-4-724x1024.jpg\",\"datePublished\":\"2025-02-22T18:35:43+00:00\",\"dateModified\":\"2025-02-22T18:38:01+00:00\",\"breadcrumb\":{\"@id\":\"https:\/\/operaeucharistica.org\/home\/patrondelafederacion\/#breadcrumb\"},\"inLanguage\":\"es\",\"potentialAction\":[{\"@type\":\"ReadAction\",\"target\":[\"https:\/\/operaeucharistica.org\/home\/patrondelafederacion\/\"]}]},{\"@type\":\"ImageObject\",\"inLanguage\":\"es\",\"@id\":\"https:\/\/operaeucharistica.org\/home\/patrondelafederacion\/#primaryimage\",\"url\":\"https:\/\/operaeucharistica.org\/wp-content\/uploads\/2025\/02\/Diseno-sin-titulo-4-724x1024.jpg\",\"contentUrl\":\"https:\/\/operaeucharistica.org\/wp-content\/uploads\/2025\/02\/Diseno-sin-titulo-4-724x1024.jpg\"},{\"@type\":\"BreadcrumbList\",\"@id\":\"https:\/\/operaeucharistica.org\/home\/patrondelafederacion\/#breadcrumb\",\"itemListElement\":[{\"@type\":\"ListItem\",\"position\":1,\"name\":\"Portada\",\"item\":\"https:\/\/operaeucharistica.org\/home\/\"},{\"@type\":\"ListItem\",\"position\":2,\"name\":\"Patr\u00f3n de la federaci\u00f3n\"}]},{\"@type\":\"WebSite\",\"@id\":\"https:\/\/operaeucharistica.org\/home\/#website\",\"url\":\"https:\/\/operaeucharistica.org\/home\/\",\"name\":\"Tecum Viajes\",\"description\":\"Fundac\u00edon de las Obras Eucaristicas\",\"potentialAction\":[{\"@type\":\"SearchAction\",\"target\":{\"@type\":\"EntryPoint\",\"urlTemplate\":\"https:\/\/operaeucharistica.org\/home\/?s={search_term_string}\"},\"query-input\":{\"@type\":\"PropertyValueSpecification\",\"valueRequired\":true,\"valueName\":\"search_term_string\"}}],\"inLanguage\":\"es\"}]}<\/script>\n<!-- \/ Yoast SEO plugin. -->","yoast_head_json":{"title":"Patr\u00f3n de la federaci\u00f3n - Opera Eucharistica","robots":{"index":"noindex","follow":"follow","max-snippet":"max-snippet:-1","max-image-preview":"max-image-preview:large","max-video-preview":"max-video-preview:-1"},"og_locale":"es_ES","og_type":"article","og_title":"Patr\u00f3n de la federaci\u00f3n - Opera Eucharistica","og_description":"Patr\u00f3n de la Federaci\u00f3n Decreto de Nombramiento La Congregaci\u00f3n para el Culto Divino y la Disciplina de los Sacramentos, ha concedido nombrar como Protector a San Juan Pablo II como \u00abPATRONO ANTE DIOS\u00bb (Protector celestial de la Federaci\u00f3n)","og_url":"https:\/\/operaeucharistica.org\/home\/patrondelafederacion\/","og_site_name":"Opera Eucharistica","article_publisher":"https:\/\/www.facebook.com\/ttecumviajes\/","article_modified_time":"2025-02-22T18:38:01+00:00","og_image":[{"width":1414,"height":2000,"url":"https:\/\/operaeucharistica.org\/wp-content\/uploads\/2025\/02\/Diseno-sin-titulo-4.jpg","type":"image\/jpeg"}],"twitter_card":"summary_large_image","twitter_misc":{"Tiempo de lectura":"1 minuto"},"schema":{"@context":"https:\/\/schema.org","@graph":[{"@type":"WebPage","@id":"https:\/\/operaeucharistica.org\/home\/patrondelafederacion\/","url":"https:\/\/operaeucharistica.org\/home\/patrondelafederacion\/","name":"Patr\u00f3n de la federaci\u00f3n - Opera Eucharistica","isPartOf":{"@id":"https:\/\/operaeucharistica.org\/home\/#website"},"primaryImageOfPage":{"@id":"https:\/\/operaeucharistica.org\/home\/patrondelafederacion\/#primaryimage"},"image":{"@id":"https:\/\/operaeucharistica.org\/home\/patrondelafederacion\/#primaryimage"},"thumbnailUrl":"https:\/\/operaeucharistica.org\/wp-content\/uploads\/2025\/02\/Diseno-sin-titulo-4-724x1024.jpg","datePublished":"2025-02-22T18:35:43+00:00","dateModified":"2025-02-22T18:38:01+00:00","breadcrumb":{"@id":"https:\/\/operaeucharistica.org\/home\/patrondelafederacion\/#breadcrumb"},"inLanguage":"es","potentialAction":[{"@type":"ReadAction","target":["https:\/\/operaeucharistica.org\/home\/patrondelafederacion\/"]}]},{"@type":"ImageObject","inLanguage":"es","@id":"https:\/\/operaeucharistica.org\/home\/patrondelafederacion\/#primaryimage","url":"https:\/\/operaeucharistica.org\/wp-content\/uploads\/2025\/02\/Diseno-sin-titulo-4-724x1024.jpg","contentUrl":"https:\/\/operaeucharistica.org\/wp-content\/uploads\/2025\/02\/Diseno-sin-titulo-4-724x1024.jpg"},{"@type":"BreadcrumbList","@id":"https:\/\/operaeucharistica.org\/home\/patrondelafederacion\/#breadcrumb","itemListElement":[{"@type":"ListItem","position":1,"name":"Portada","item":"https:\/\/operaeucharistica.org\/home\/"},{"@type":"ListItem","position":2,"name":"Patr\u00f3n de la federaci\u00f3n"}]},{"@type":"WebSite","@id":"https:\/\/operaeucharistica.org\/home\/#website","url":"https:\/\/operaeucharistica.org\/home\/","name":"Tecum Viajes","description":"Fundac\u00edon de las Obras Eucaristicas","potentialAction":[{"@type":"SearchAction","target":{"@type":"EntryPoint","urlTemplate":"https:\/\/operaeucharistica.org\/home\/?s={search_term_string}"},"query-input":{"@type":"PropertyValueSpecification","valueRequired":true,"valueName":"search_term_string"}}],"inLanguage":"es"}]}},"_links":{"self":[{"href":"https:\/\/operaeucharistica.org\/home\/wp-json\/wp\/v2\/pages\/2646","targetHints":{"allow":["GET"]}}],"collection":[{"href":"https:\/\/operaeucharistica.org\/home\/wp-json\/wp\/v2\/pages"}],"about":[{"href":"https:\/\/operaeucharistica.org\/home\/wp-json\/wp\/v2\/types\/page"}],"author":[{"embeddable":true,"href":"https:\/\/operaeucharistica.org\/home\/wp-json\/wp\/v2\/users\/1"}],"replies":[{"embeddable":true,"href":"https:\/\/operaeucharistica.org\/home\/wp-json\/wp\/v2\/comments?post=2646"}],"version-history":[{"count":4,"href":"https:\/\/operaeucharistica.org\/home\/wp-json\/wp\/v2\/pages\/2646\/revisions"}],"predecessor-version":[{"id":2652,"href":"https:\/\/operaeucharistica.org\/home\/wp-json\/wp\/v2\/pages\/2646\/revisions\/2652"}],"wp:attachment":[{"href":"https:\/\/operaeucharistica.org\/home\/wp-json\/wp\/v2\/media?parent=2646"}],"curies":[{"name":"wp","href":"https:\/\/api.w.org\/{rel}","templated":true}]}}

Patrón de la federación

<div data-elementor-type="wp-page" data-elementor-id="2646" class="elementor elementor-2646" data-elementor-post-type="page">
				<div class="elementor-element elementor-element-60bd1d8 e-flex e-con-boxed e-con e-parent" data-id="60bd1d8" data-element_type="container" data-e-type="container" data-settings="{&quot;background_background&quot;:&quot;classic&quot;}">
					<div class="e-con-inner">
				<div class="elementor-element elementor-element-4d50414 elementor-widget__width-initial elementor-widget elementor-widget-heading" data-id="4d50414" data-element_type="widget" data-e-type="widget" data-widget_type="heading.default">
				<div class="elementor-widget-container">
					<h1 class="elementor-heading-title elementor-size-default">Patrón de la Federación</h1>				</div>
				</div>
				<div class="elementor-element elementor-element-1d4a817 elementor-widget elementor-widget-text-editor" data-id="1d4a817" data-element_type="widget" data-e-type="widget" data-widget_type="text-editor.default">
				<div class="elementor-widget-container">
									<p><strong>Decreto de Nombramiento</strong></p>								</div>
				</div>
					</div>
				</div>
		<div class="elementor-element elementor-element-2883007 e-flex e-con-boxed e-con e-parent" data-id="2883007" data-element_type="container" data-e-type="container">
					<div class="e-con-inner">
					</div>
				</div>
		<div class="elementor-element elementor-element-02d6205 e-flex e-con-boxed e-con e-parent" data-id="02d6205" data-element_type="container" data-e-type="container">
					<div class="e-con-inner">
				<div class="elementor-element elementor-element-a606d4c elementor-widget-divider--view-line elementor-widget elementor-widget-divider" data-id="a606d4c" data-element_type="widget" data-e-type="widget" data-widget_type="divider.default">
				<div class="elementor-widget-container">
							<div class="elementor-divider">
			<span class="elementor-divider-separator">
						</span>
		</div>
						</div>
				</div>
					</div>
				</div>
		<div class="elementor-element elementor-element-db7c97a e-flex e-con-boxed e-con e-parent" data-id="db7c97a" data-element_type="container" data-e-type="container">
					<div class="e-con-inner">
				<div class="elementor-element elementor-element-3723009 elementor-widget elementor-widget-heading" data-id="3723009" data-element_type="widget" data-e-type="widget" data-widget_type="heading.default">
				<div class="elementor-widget-container">
					<h2 class="elementor-heading-title elementor-size-default">La Congregación para el Culto Divino y la Disciplina de los Sacramentos, ha concedido nombrar como Protector a San Juan Pablo II como <br>"PATRONO ANTE DIOS" (Protector celestial de la Federación)</h2>				</div>
				</div>
				<div class="elementor-element elementor-element-1f6fd86 elementor-widget elementor-widget-image" data-id="1f6fd86" data-element_type="widget" data-e-type="widget" data-widget_type="image.default">
				<div class="elementor-widget-container">
															<img fetchpriority="high" decoding="async" width="724" height="1024" src="https://operaeucharistica.org/wp-content/uploads/2025/02/Diseno-sin-titulo-4-724x1024.jpg" class="attachment-large size-large wp-image-2649" alt="" srcset="https://operaeucharistica.org/wp-content/uploads/2025/02/Diseno-sin-titulo-4-724x1024.jpg 724w, https://operaeucharistica.org/wp-content/uploads/2025/02/Diseno-sin-titulo-4-212x300.jpg 212w, https://operaeucharistica.org/wp-content/uploads/2025/02/Diseno-sin-titulo-4-768x1086.jpg 768w, https://operaeucharistica.org/wp-content/uploads/2025/02/Diseno-sin-titulo-4-1086x1536.jpg 1086w, https://operaeucharistica.org/wp-content/uploads/2025/02/Diseno-sin-titulo-4.jpg 1414w" sizes="(max-width: 724px) 100vw, 724px" />															</div>
				</div>
					</div>
				</div>
				</div>

<p>Patrón de la Federación Decreto de Nombramiento La Congregación para el Culto Divino y la Disciplina de los Sacramentos, ha concedido nombrar como Protector a San Juan Pablo II como «PATRONO ANTE DIOS» (Protector celestial de la Federación)</p>

<!-- This site is optimized with the Yoast SEO plugin v24.3 - https://yoast.com/wordpress/plugins/seo/ -->
<title>Patrón de la federación - Opera Eucharistica</title>
<meta name="robots" content="noindex, follow, max-snippet:-1, max-image-preview:large, max-video-preview:-1" />
<meta property="og:locale" content="es_ES" />
<meta property="og:type" content="article" />
<meta property="og:title" content="Patrón de la federación - Opera Eucharistica" />
<meta property="og:description" content="Patrón de la Federación Decreto de Nombramiento La Congregación para el Culto Divino y la Disciplina de los Sacramentos, ha concedido nombrar como Protector a San Juan Pablo II como «PATRONO ANTE DIOS» (Protector celestial de la Federación)" />
<meta property="og:url" content="https://operaeucharistica.org/home/patrondelafederacion/" />
<meta property="og:site_name" content="Opera Eucharistica" />
<meta property="article:publisher" content="https://www.facebook.com/ttecumviajes/" />
<meta property="article:modified_time" content="2025-02-22T18:38:01+00:00" />
<meta property="og:image" content="https://operaeucharistica.org/wp-content/uploads/2025/02/Diseno-sin-titulo-4.jpg" />
	<meta property="og:image:width" content="1414" />
	<meta property="og:image:height" content="2000" />
	<meta property="og:image:type" content="image/jpeg" />
<meta name="twitter:card" content="summary_large_image" />
<meta name="twitter:label1" content="Tiempo de lectura" />
	<meta name="twitter:data1" content="1 minuto" />
<script type="application/ld+json" class="yoast-schema-graph">{"@context":"https://schema.org","@graph":[{"@type":"WebPage","@id":"https://operaeucharistica.org/home/patrondelafederacion/","url":"https://operaeucharistica.org/home/patrondelafederacion/","name":"Patrón de la federación - Opera Eucharistica","isPartOf":{"@id":"https://operaeucharistica.org/home/#website"},"primaryImageOfPage":{"@id":"https://operaeucharistica.org/home/patrondelafederacion/#primaryimage"},"image":{"@id":"https://operaeucharistica.org/home/patrondelafederacion/#primaryimage"},"thumbnailUrl":"https://operaeucharistica.org/wp-content/uploads/2025/02/Diseno-sin-titulo-4-724x1024.jpg","datePublished":"2025-02-22T18:35:43+00:00","dateModified":"2025-02-22T18:38:01+00:00","breadcrumb":{"@id":"https://operaeucharistica.org/home/patrondelafederacion/#breadcrumb"},"inLanguage":"es","potentialAction":[{"@type":"ReadAction","target":["https://operaeucharistica.org/home/patrondelafederacion/"]}]},{"@type":"ImageObject","inLanguage":"es","@id":"https://operaeucharistica.org/home/patrondelafederacion/#primaryimage","url":"https://operaeucharistica.org/wp-content/uploads/2025/02/Diseno-sin-titulo-4-724x1024.jpg","contentUrl":"https://operaeucharistica.org/wp-content/uploads/2025/02/Diseno-sin-titulo-4-724x1024.jpg"},{"@type":"BreadcrumbList","@id":"https://operaeucharistica.org/home/patrondelafederacion/#breadcrumb","itemListElement":[{"@type":"ListItem","position":1,"name":"Portada","item":"https://operaeucharistica.org/home/"},{"@type":"ListItem","position":2,"name":"Patrón de la federación"}]},{"@type":"WebSite","@id":"https://operaeucharistica.org/home/#website","url":"https://operaeucharistica.org/home/","name":"Tecum Viajes","description":"Fundacíon de las Obras Eucaristicas","potentialAction":[{"@type":"SearchAction","target":{"@type":"EntryPoint","urlTemplate":"https://operaeucharistica.org/home/?s={search_term_string}"},"query-input":{"@type":"PropertyValueSpecification","valueRequired":true,"valueName":"search_term_string"}}],"inLanguage":"es"}]}</script>
<!-- / Yoast SEO plugin. -->

Patrón de la federación - Opera Eucharistica

Patrón de la Federación Decreto de Nombramiento La Congregación para el Culto Divino y la Disciplina de los Sacramentos, ha concedido nombrar como Protector a San Juan Pablo II como «PATRONO ANTE DIOS» (Protector celestial de la Federación)

Fundacíon de las Obras Eucaristicas
