{"id":2519,"date":"2025-02-16T23:43:50","date_gmt":"2025-02-16T22:43:50","guid":{"rendered":"https:\/\/operaeucharistica.org\/home\/?page_id=2519"},"modified":"2025-02-16T23:44:16","modified_gmt":"2025-02-16T22:44:16","slug":"mexicojalisco","status":"publish","type":"page","link":"https:\/\/operaeucharistica.org\/home\/mexicojalisco\/","title":{"rendered":"GUADALAJARA &#8211; JALISCO &#8211; M\u00c9XICO"},"content":{"rendered":"\t\t<div data-elementor-type=\"wp-page\" data-elementor-id=\"2519\" class=\"elementor elementor-2519\" data-elementor-post-type=\"page\">\n\t\t\t\t<div class=\"elementor-element elementor-element-60bd1d8 e-flex e-con-boxed e-con e-parent\" data-id=\"60bd1d8\" data-element_type=\"container\" data-e-type=\"container\" data-settings=\"{&quot;background_background&quot;:&quot;classic&quot;}\">\n\t\t\t\t\t<div class=\"e-con-inner\">\n\t\t\t\t<div class=\"elementor-element elementor-element-4d50414 elementor-widget__width-initial elementor-widget elementor-widget-heading\" data-id=\"4d50414\" data-element_type=\"widget\" data-e-type=\"widget\" data-widget_type=\"heading.default\">\n\t\t\t\t<div class=\"elementor-widget-container\">\n\t\t\t\t\t<h1 class=\"elementor-heading-title elementor-size-default\">Miembros del Consejo<\/h1>\t\t\t\t<\/div>\n\t\t\t\t<\/div>\n\t\t\t\t<div class=\"elementor-element elementor-element-1d4a817 elementor-widget elementor-widget-text-editor\" data-id=\"1d4a817\" data-element_type=\"widget\" data-e-type=\"widget\" data-widget_type=\"text-editor.default\">\n\t\t\t\t<div class=\"elementor-widget-container\">\n\t\t\t\t\t\t\t\t\t<p><strong>Adoremos in Aeternum Sanctissimum Sacramentum<\/strong><\/p>\t\t\t\t\t\t\t\t<\/div>\n\t\t\t\t<\/div>\n\t\t\t\t\t<\/div>\n\t\t\t\t<\/div>\n\t\t<div class=\"elementor-element elementor-element-2883007 e-flex e-con-boxed e-con e-parent\" data-id=\"2883007\" data-element_type=\"container\" data-e-type=\"container\">\n\t\t\t\t\t<div class=\"e-con-inner\">\n\t\t\t\t\t<\/div>\n\t\t\t\t<\/div>\n\t\t<div class=\"elementor-element elementor-element-02d6205 e-flex e-con-boxed e-con e-parent\" data-id=\"02d6205\" data-element_type=\"container\" data-e-type=\"container\">\n\t\t\t\t\t<div class=\"e-con-inner\">\n\t\t\t\t<div class=\"elementor-element elementor-element-a606d4c elementor-widget-divider--view-line elementor-widget elementor-widget-divider\" data-id=\"a606d4c\" data-element_type=\"widget\" data-e-type=\"widget\" data-widget_type=\"divider.default\">\n\t\t\t\t<div class=\"elementor-widget-container\">\n\t\t\t\t\t\t\t<div class=\"elementor-divider\">\n\t\t\t<span class=\"elementor-divider-separator\">\n\t\t\t\t\t\t<\/span>\n\t\t<\/div>\n\t\t\t\t\t\t<\/div>\n\t\t\t\t<\/div>\n\t\t\t\t\t<\/div>\n\t\t\t\t<\/div>\n\t\t<div class=\"elementor-element elementor-element-2f949fb e-flex e-con-boxed e-con e-parent\" data-id=\"2f949fb\" data-element_type=\"container\" data-e-type=\"container\">\n\t\t\t\t\t<div class=\"e-con-inner\">\n\t\t\t\t<div class=\"elementor-element elementor-element-4a0252c elementor-vertical-align-top elementor-widget elementor-widget-image-box\" data-id=\"4a0252c\" data-element_type=\"widget\" data-e-type=\"widget\" data-widget_type=\"image-box.default\">\n\t\t\t\t<div class=\"elementor-widget-container\">\n\t\t\t\t\t<div class=\"elementor-image-box-wrapper\"><div class=\"elementor-image-box-content\"><h3 class=\"elementor-image-box-title\">ADORACI\u00d3N NOCTURNA MEXICANA DE LA  ARCHIDI\u00d3CESIS DE GUADALAJARA - JALISCO - M\u00c9XICO<\/h3><p class=\"elementor-image-box-description\">C\/. L\u00f3pez Cotilla, 935 - Colonia Americana <br>\n44100 - GUADALAJARA - JALISCO - M\u00c9XICO\n<br>\nWeb: http:\/\/adoracionnocturnaguadalajara.org\n<br>\nE-mail: consejosuperiorgdl@hotmail.com <br>Presidente\nLic. ADALBERTO ORTIZ HERR\u00c1N\n<br>Director Espiritual\nPbro. ROBERTO GARC\u00cdA DE LA MORA\n<br>Secretario\nLic. JOS\u00c9 LUIS ANDR\u00c9S FREGOSO<\/p><\/div><\/div>\t\t\t\t<\/div>\n\t\t\t\t<\/div>\n\t\t\t\t\t<\/div>\n\t\t\t\t<\/div>\n\t\t\t\t<\/div>\n\t\t","protected":false},"excerpt":{"rendered":"<p>Miembros del Consejo Adoremos in Aeternum Sanctissimum Sacramentum ADORACI\u00d3N NOCTURNA MEXICANA DE LA ARCHIDI\u00d3CESIS DE GUADALAJARA &#8211; JALISCO &#8211; M\u00c9XICO C\/. L\u00f3pez Cotilla, 935 &#8211; Colonia Americana 44100 &#8211; GUADALAJARA &#8211; JALISCO &#8211; M\u00c9XICO Web: http:\/\/adoracionnocturnaguadalajara.org E-mail: consejosuperiorgdl@hotmail.com Presidente Lic. ADALBERTO ORTIZ HERR\u00c1N Director Espiritual Pbro. ROBERTO GARC\u00cdA DE LA MORA Secretario Lic. JOS\u00c9 LUIS [&hellip;]<\/p>\n","protected":false},"author":1,"featured_media":0,"parent":0,"menu_order":0,"comment_status":"closed","ping_status":"closed","template":"elementor_header_footer","meta":{"_joinchat":[],"footnotes":""},"class_list":["post-2519","page","type-page","status-publish","hentry"],"yoast_head":"<!-- This site is optimized with the Yoast SEO plugin v24.3 - https:\/\/yoast.com\/wordpress\/plugins\/seo\/ -->\n<title>GUADALAJARA - JALISCO - M\u00c9XICO - Opera Eucharistica<\/title>\n<meta name=\"robots\" content=\"noindex, follow, max-snippet:-1, max-image-preview:large, max-video-preview:-1\" \/>\n<meta property=\"og:locale\" content=\"es_ES\" \/>\n<meta property=\"og:type\" content=\"article\" \/>\n<meta property=\"og:title\" content=\"GUADALAJARA - JALISCO - M\u00c9XICO - Opera Eucharistica\" \/>\n<meta property=\"og:description\" content=\"Miembros del Consejo Adoremos in Aeternum Sanctissimum Sacramentum ADORACI\u00d3N NOCTURNA MEXICANA DE LA ARCHIDI\u00d3CESIS DE GUADALAJARA &#8211; JALISCO &#8211; M\u00c9XICO C\/. L\u00f3pez Cotilla, 935 &#8211; Colonia Americana 44100 &#8211; GUADALAJARA &#8211; JALISCO &#8211; M\u00c9XICO Web: http:\/\/adoracionnocturnaguadalajara.org E-mail: consejosuperiorgdl@hotmail.com Presidente Lic. ADALBERTO ORTIZ HERR\u00c1N Director Espiritual Pbro. ROBERTO GARC\u00cdA DE LA MORA Secretario Lic. JOS\u00c9 LUIS [&hellip;]\" \/>\n<meta property=\"og:url\" content=\"https:\/\/operaeucharistica.org\/home\/mexicojalisco\/\" \/>\n<meta property=\"og:site_name\" content=\"Opera Eucharistica\" \/>\n<meta property=\"article:publisher\" content=\"https:\/\/www.facebook.com\/ttecumviajes\/\" \/>\n<meta property=\"article:modified_time\" content=\"2025-02-16T22:44:16+00:00\" \/>\n<meta name=\"twitter:card\" content=\"summary_large_image\" \/>\n<meta name=\"twitter:label1\" content=\"Tiempo de lectura\" \/>\n\t<meta name=\"twitter:data1\" content=\"1 minuto\" \/>\n<script type=\"application\/ld+json\" class=\"yoast-schema-graph\">{\"@context\":\"https:\/\/schema.org\",\"@graph\":[{\"@type\":\"WebPage\",\"@id\":\"https:\/\/operaeucharistica.org\/home\/mexicojalisco\/\",\"url\":\"https:\/\/operaeucharistica.org\/home\/mexicojalisco\/\",\"name\":\"GUADALAJARA - JALISCO - M\u00c9XICO - Opera Eucharistica\",\"isPartOf\":{\"@id\":\"https:\/\/operaeucharistica.org\/home\/#website\"},\"datePublished\":\"2025-02-16T22:43:50+00:00\",\"dateModified\":\"2025-02-16T22:44:16+00:00\",\"breadcrumb\":{\"@id\":\"https:\/\/operaeucharistica.org\/home\/mexicojalisco\/#breadcrumb\"},\"inLanguage\":\"es\",\"potentialAction\":[{\"@type\":\"ReadAction\",\"target\":[\"https:\/\/operaeucharistica.org\/home\/mexicojalisco\/\"]}]},{\"@type\":\"BreadcrumbList\",\"@id\":\"https:\/\/operaeucharistica.org\/home\/mexicojalisco\/#breadcrumb\",\"itemListElement\":[{\"@type\":\"ListItem\",\"position\":1,\"name\":\"Portada\",\"item\":\"https:\/\/operaeucharistica.org\/home\/\"},{\"@type\":\"ListItem\",\"position\":2,\"name\":\"GUADALAJARA &#8211; JALISCO &#8211; M\u00c9XICO\"}]},{\"@type\":\"WebSite\",\"@id\":\"https:\/\/operaeucharistica.org\/home\/#website\",\"url\":\"https:\/\/operaeucharistica.org\/home\/\",\"name\":\"Tecum Viajes\",\"description\":\"Fundac\u00edon de las Obras Eucaristicas\",\"potentialAction\":[{\"@type\":\"SearchAction\",\"target\":{\"@type\":\"EntryPoint\",\"urlTemplate\":\"https:\/\/operaeucharistica.org\/home\/?s={search_term_string}\"},\"query-input\":{\"@type\":\"PropertyValueSpecification\",\"valueRequired\":true,\"valueName\":\"search_term_string\"}}],\"inLanguage\":\"es\"}]}<\/script>\n<!-- \/ Yoast SEO plugin. -->","yoast_head_json":{"title":"GUADALAJARA - JALISCO - M\u00c9XICO - Opera Eucharistica","robots":{"index":"noindex","follow":"follow","max-snippet":"max-snippet:-1","max-image-preview":"max-image-preview:large","max-video-preview":"max-video-preview:-1"},"og_locale":"es_ES","og_type":"article","og_title":"GUADALAJARA - JALISCO - M\u00c9XICO - Opera Eucharistica","og_description":"Miembros del Consejo Adoremos in Aeternum Sanctissimum Sacramentum ADORACI\u00d3N NOCTURNA MEXICANA DE LA ARCHIDI\u00d3CESIS DE GUADALAJARA &#8211; JALISCO &#8211; M\u00c9XICO C\/. L\u00f3pez Cotilla, 935 &#8211; Colonia Americana 44100 &#8211; GUADALAJARA &#8211; JALISCO &#8211; M\u00c9XICO Web: http:\/\/adoracionnocturnaguadalajara.org E-mail: consejosuperiorgdl@hotmail.com Presidente Lic. ADALBERTO ORTIZ HERR\u00c1N Director Espiritual Pbro. ROBERTO GARC\u00cdA DE LA MORA Secretario Lic. JOS\u00c9 LUIS [&hellip;]","og_url":"https:\/\/operaeucharistica.org\/home\/mexicojalisco\/","og_site_name":"Opera Eucharistica","article_publisher":"https:\/\/www.facebook.com\/ttecumviajes\/","article_modified_time":"2025-02-16T22:44:16+00:00","twitter_card":"summary_large_image","twitter_misc":{"Tiempo de lectura":"1 minuto"},"schema":{"@context":"https:\/\/schema.org","@graph":[{"@type":"WebPage","@id":"https:\/\/operaeucharistica.org\/home\/mexicojalisco\/","url":"https:\/\/operaeucharistica.org\/home\/mexicojalisco\/","name":"GUADALAJARA - JALISCO - M\u00c9XICO - Opera Eucharistica","isPartOf":{"@id":"https:\/\/operaeucharistica.org\/home\/#website"},"datePublished":"2025-02-16T22:43:50+00:00","dateModified":"2025-02-16T22:44:16+00:00","breadcrumb":{"@id":"https:\/\/operaeucharistica.org\/home\/mexicojalisco\/#breadcrumb"},"inLanguage":"es","potentialAction":[{"@type":"ReadAction","target":["https:\/\/operaeucharistica.org\/home\/mexicojalisco\/"]}]},{"@type":"BreadcrumbList","@id":"https:\/\/operaeucharistica.org\/home\/mexicojalisco\/#breadcrumb","itemListElement":[{"@type":"ListItem","position":1,"name":"Portada","item":"https:\/\/operaeucharistica.org\/home\/"},{"@type":"ListItem","position":2,"name":"GUADALAJARA &#8211; JALISCO &#8211; M\u00c9XICO"}]},{"@type":"WebSite","@id":"https:\/\/operaeucharistica.org\/home\/#website","url":"https:\/\/operaeucharistica.org\/home\/","name":"Tecum Viajes","description":"Fundac\u00edon de las Obras Eucaristicas","potentialAction":[{"@type":"SearchAction","target":{"@type":"EntryPoint","urlTemplate":"https:\/\/operaeucharistica.org\/home\/?s={search_term_string}"},"query-input":{"@type":"PropertyValueSpecification","valueRequired":true,"valueName":"search_term_string"}}],"inLanguage":"es"}]}},"_links":{"self":[{"href":"https:\/\/operaeucharistica.org\/home\/wp-json\/wp\/v2\/pages\/2519","targetHints":{"allow":["GET"]}}],"collection":[{"href":"https:\/\/operaeucharistica.org\/home\/wp-json\/wp\/v2\/pages"}],"about":[{"href":"https:\/\/operaeucharistica.org\/home\/wp-json\/wp\/v2\/types\/page"}],"author":[{"embeddable":true,"href":"https:\/\/operaeucharistica.org\/home\/wp-json\/wp\/v2\/users\/1"}],"replies":[{"embeddable":true,"href":"https:\/\/operaeucharistica.org\/home\/wp-json\/wp\/v2\/comments?post=2519"}],"version-history":[{"count":4,"href":"https:\/\/operaeucharistica.org\/home\/wp-json\/wp\/v2\/pages\/2519\/revisions"}],"predecessor-version":[{"id":2524,"href":"https:\/\/operaeucharistica.org\/home\/wp-json\/wp\/v2\/pages\/2519\/revisions\/2524"}],"wp:attachment":[{"href":"https:\/\/operaeucharistica.org\/home\/wp-json\/wp\/v2\/media?parent=2519"}],"curies":[{"name":"wp","href":"https:\/\/api.w.org\/{rel}","templated":true}]}}