{"id":2458,"date":"2025-02-16T23:33:07","date_gmt":"2025-02-16T22:33:07","guid":{"rendered":"https:\/\/operaeucharistica.org\/home\/?page_id=2458"},"modified":"2025-12-11T22:56:58","modified_gmt":"2025-12-11T21:56:58","slug":"confrariacaliz","status":"publish","type":"page","link":"https:\/\/operaeucharistica.org\/home\/confrariacaliz\/","title":{"rendered":"confraria caliz"},"content":{"rendered":"\t\t<div data-elementor-type=\"wp-page\" data-elementor-id=\"2458\" class=\"elementor elementor-2458\" data-elementor-post-type=\"page\">\n\t\t\t\t<div class=\"elementor-element elementor-element-60bd1d8 e-flex e-con-boxed e-con e-parent\" data-id=\"60bd1d8\" data-element_type=\"container\" data-e-type=\"container\" data-settings=\"{&quot;background_background&quot;:&quot;classic&quot;}\">\n\t\t\t\t\t<div class=\"e-con-inner\">\n\t\t\t\t<div class=\"elementor-element elementor-element-4d50414 elementor-widget__width-initial elementor-widget elementor-widget-heading\" data-id=\"4d50414\" data-element_type=\"widget\" data-e-type=\"widget\" data-widget_type=\"heading.default\">\n\t\t\t\t<div class=\"elementor-widget-container\">\n\t\t\t\t\t<h1 class=\"elementor-heading-title elementor-size-default\">Miembros del Consejo<\/h1>\t\t\t\t<\/div>\n\t\t\t\t<\/div>\n\t\t\t\t<div class=\"elementor-element elementor-element-1d4a817 elementor-widget elementor-widget-text-editor\" data-id=\"1d4a817\" data-element_type=\"widget\" data-e-type=\"widget\" data-widget_type=\"text-editor.default\">\n\t\t\t\t<div class=\"elementor-widget-container\">\n\t\t\t\t\t\t\t\t\t<p><strong>Adoremos in Aeternum Sanctissimum Sacramentum<\/strong><\/p>\t\t\t\t\t\t\t\t<\/div>\n\t\t\t\t<\/div>\n\t\t\t\t\t<\/div>\n\t\t\t\t<\/div>\n\t\t<div class=\"elementor-element elementor-element-2883007 e-flex e-con-boxed e-con e-parent\" data-id=\"2883007\" data-element_type=\"container\" data-e-type=\"container\">\n\t\t\t\t\t<div class=\"e-con-inner\">\n\t\t\t\t\t<\/div>\n\t\t\t\t<\/div>\n\t\t<div class=\"elementor-element elementor-element-02d6205 e-flex e-con-boxed e-con e-parent\" data-id=\"02d6205\" data-element_type=\"container\" data-e-type=\"container\">\n\t\t\t\t\t<div class=\"e-con-inner\">\n\t\t\t\t<div class=\"elementor-element elementor-element-a606d4c elementor-widget-divider--view-line elementor-widget elementor-widget-divider\" data-id=\"a606d4c\" data-element_type=\"widget\" data-e-type=\"widget\" data-widget_type=\"divider.default\">\n\t\t\t\t<div class=\"elementor-widget-container\">\n\t\t\t\t\t\t\t<div class=\"elementor-divider\">\n\t\t\t<span class=\"elementor-divider-separator\">\n\t\t\t\t\t\t<\/span>\n\t\t<\/div>\n\t\t\t\t\t\t<\/div>\n\t\t\t\t<\/div>\n\t\t\t\t\t<\/div>\n\t\t\t\t<\/div>\n\t\t<div class=\"elementor-element elementor-element-2f949fb e-flex e-con-boxed e-con e-parent\" data-id=\"2f949fb\" data-element_type=\"container\" data-e-type=\"container\">\n\t\t\t\t\t<div class=\"e-con-inner\">\n\t\t\t\t<div class=\"elementor-element elementor-element-247add9 elementor-vertical-align-top elementor-widget elementor-widget-image-box\" data-id=\"247add9\" data-element_type=\"widget\" data-e-type=\"widget\" data-widget_type=\"image-box.default\">\n\t\t\t\t<div class=\"elementor-widget-container\">\n\t\t\t\t\t<div class=\"elementor-image-box-wrapper\"><div class=\"elementor-image-box-content\"><h3 class=\"elementor-image-box-title\">COFRAD\u00cdA DEL SANTO C\u00c1LIZ DE LA CENA DEL SE\u00d1OR  DE LA CATEDRAL DE VALENCIA<\/h3><p class=\"elementor-image-box-description\">Catedral de Valencia <br>\nPlaza Almoina s\/n <br>\n46003 - VALENCIA      (Espa\u00f1a) <br>\nWeb: http:\/ www.cofradiasatocaliz.com <br>\nE-mail: contacto@cofradiasantocaliz.com <br>\nPresidente: Don Francisco Corral P\u00e9rez\n<br> \nVicepresidenta: Do\u00f1a Mar\u00eda Rosa Merchan Manrique.<br> Secretario: Don Daniel del Al\u00e1mo Mart\u00edn Arag\u00f3n.<br>Tesorera: Do\u00f1a Tatiana Rodr\u00edguez Fern\u00e1ndez. <br>Vocal de Liturgia: Don Ignacio Acevedo Berm\u00fadez.\n<br>Vocal de Hermandades y Cofrad\u00edas: Don Benito Hern\u00e1ndez G\u00f3mez.\n<br>Vocal de Retiros y Peregrinaciones: Enma Marugan Paloma\n<br>Email: torrijos@architoledo.org\n<\/p><\/div><\/div>\t\t\t\t<\/div>\n\t\t\t\t<\/div>\n\t\t\t\t\t<\/div>\n\t\t\t\t<\/div>\n\t\t\t\t<\/div>\n\t\t","protected":false},"excerpt":{"rendered":"<p>Miembros del Consejo Adoremos in Aeternum Sanctissimum Sacramentum COFRAD\u00cdA DEL SANTO C\u00c1LIZ DE LA CENA DEL SE\u00d1OR DE LA CATEDRAL DE VALENCIA Catedral de Valencia Plaza Almoina s\/n 46003 &#8211; VALENCIA (Espa\u00f1a) Web: http:\/ www.cofradiasatocaliz.com E-mail: contacto@cofradiasantocaliz.com Presidente: Don Francisco Corral P\u00e9rez Vicepresidenta: Do\u00f1a Mar\u00eda Rosa Merchan Manrique. Secretario: Don Daniel del Al\u00e1mo Mart\u00edn Arag\u00f3n.Tesorera: [&hellip;]<\/p>\n","protected":false},"author":1,"featured_media":0,"parent":0,"menu_order":0,"comment_status":"closed","ping_status":"closed","template":"elementor_header_footer","meta":{"_joinchat":[],"footnotes":""},"class_list":["post-2458","page","type-page","status-publish","hentry"],"yoast_head":"<!-- This site is optimized with the Yoast SEO plugin v24.3 - https:\/\/yoast.com\/wordpress\/plugins\/seo\/ -->\n<title>confraria caliz - Opera Eucharistica<\/title>\n<meta name=\"robots\" content=\"noindex, follow, max-snippet:-1, max-image-preview:large, max-video-preview:-1\" \/>\n<meta property=\"og:locale\" content=\"es_ES\" \/>\n<meta property=\"og:type\" content=\"article\" \/>\n<meta property=\"og:title\" content=\"confraria caliz - Opera Eucharistica\" \/>\n<meta property=\"og:description\" content=\"Miembros del Consejo Adoremos in Aeternum Sanctissimum Sacramentum COFRAD\u00cdA DEL SANTO C\u00c1LIZ DE LA CENA DEL SE\u00d1OR DE LA CATEDRAL DE VALENCIA Catedral de Valencia Plaza Almoina s\/n 46003 &#8211; VALENCIA (Espa\u00f1a) Web: http:\/ www.cofradiasatocaliz.com E-mail: contacto@cofradiasantocaliz.com Presidente: Don Francisco Corral P\u00e9rez Vicepresidenta: Do\u00f1a Mar\u00eda Rosa Merchan Manrique. Secretario: Don Daniel del Al\u00e1mo Mart\u00edn Arag\u00f3n.Tesorera: [&hellip;]\" \/>\n<meta property=\"og:url\" content=\"https:\/\/operaeucharistica.org\/home\/confrariacaliz\/\" \/>\n<meta property=\"og:site_name\" content=\"Opera Eucharistica\" \/>\n<meta property=\"article:publisher\" content=\"https:\/\/www.facebook.com\/ttecumviajes\/\" \/>\n<meta property=\"article:modified_time\" content=\"2025-12-11T21:56:58+00:00\" \/>\n<meta name=\"twitter:card\" content=\"summary_large_image\" \/>\n<meta name=\"twitter:label1\" content=\"Tiempo de lectura\" \/>\n\t<meta name=\"twitter:data1\" content=\"1 minuto\" \/>\n<script type=\"application\/ld+json\" class=\"yoast-schema-graph\">{\"@context\":\"https:\/\/schema.org\",\"@graph\":[{\"@type\":\"WebPage\",\"@id\":\"https:\/\/operaeucharistica.org\/home\/confrariacaliz\/\",\"url\":\"https:\/\/operaeucharistica.org\/home\/confrariacaliz\/\",\"name\":\"confraria caliz - Opera Eucharistica\",\"isPartOf\":{\"@id\":\"https:\/\/operaeucharistica.org\/home\/#website\"},\"datePublished\":\"2025-02-16T22:33:07+00:00\",\"dateModified\":\"2025-12-11T21:56:58+00:00\",\"breadcrumb\":{\"@id\":\"https:\/\/operaeucharistica.org\/home\/confrariacaliz\/#breadcrumb\"},\"inLanguage\":\"es\",\"potentialAction\":[{\"@type\":\"ReadAction\",\"target\":[\"https:\/\/operaeucharistica.org\/home\/confrariacaliz\/\"]}]},{\"@type\":\"BreadcrumbList\",\"@id\":\"https:\/\/operaeucharistica.org\/home\/confrariacaliz\/#breadcrumb\",\"itemListElement\":[{\"@type\":\"ListItem\",\"position\":1,\"name\":\"Portada\",\"item\":\"https:\/\/operaeucharistica.org\/home\/\"},{\"@type\":\"ListItem\",\"position\":2,\"name\":\"confraria caliz\"}]},{\"@type\":\"WebSite\",\"@id\":\"https:\/\/operaeucharistica.org\/home\/#website\",\"url\":\"https:\/\/operaeucharistica.org\/home\/\",\"name\":\"Tecum Viajes\",\"description\":\"Fundac\u00edon de las Obras Eucaristicas\",\"potentialAction\":[{\"@type\":\"SearchAction\",\"target\":{\"@type\":\"EntryPoint\",\"urlTemplate\":\"https:\/\/operaeucharistica.org\/home\/?s={search_term_string}\"},\"query-input\":{\"@type\":\"PropertyValueSpecification\",\"valueRequired\":true,\"valueName\":\"search_term_string\"}}],\"inLanguage\":\"es\"}]}<\/script>\n<!-- \/ Yoast SEO plugin. -->","yoast_head_json":{"title":"confraria caliz - Opera Eucharistica","robots":{"index":"noindex","follow":"follow","max-snippet":"max-snippet:-1","max-image-preview":"max-image-preview:large","max-video-preview":"max-video-preview:-1"},"og_locale":"es_ES","og_type":"article","og_title":"confraria caliz - Opera Eucharistica","og_description":"Miembros del Consejo Adoremos in Aeternum Sanctissimum Sacramentum COFRAD\u00cdA DEL SANTO C\u00c1LIZ DE LA CENA DEL SE\u00d1OR DE LA CATEDRAL DE VALENCIA Catedral de Valencia Plaza Almoina s\/n 46003 &#8211; VALENCIA (Espa\u00f1a) Web: http:\/ www.cofradiasatocaliz.com E-mail: contacto@cofradiasantocaliz.com Presidente: Don Francisco Corral P\u00e9rez Vicepresidenta: Do\u00f1a Mar\u00eda Rosa Merchan Manrique. Secretario: Don Daniel del Al\u00e1mo Mart\u00edn Arag\u00f3n.Tesorera: [&hellip;]","og_url":"https:\/\/operaeucharistica.org\/home\/confrariacaliz\/","og_site_name":"Opera Eucharistica","article_publisher":"https:\/\/www.facebook.com\/ttecumviajes\/","article_modified_time":"2025-12-11T21:56:58+00:00","twitter_card":"summary_large_image","twitter_misc":{"Tiempo de lectura":"1 minuto"},"schema":{"@context":"https:\/\/schema.org","@graph":[{"@type":"WebPage","@id":"https:\/\/operaeucharistica.org\/home\/confrariacaliz\/","url":"https:\/\/operaeucharistica.org\/home\/confrariacaliz\/","name":"confraria caliz - Opera Eucharistica","isPartOf":{"@id":"https:\/\/operaeucharistica.org\/home\/#website"},"datePublished":"2025-02-16T22:33:07+00:00","dateModified":"2025-12-11T21:56:58+00:00","breadcrumb":{"@id":"https:\/\/operaeucharistica.org\/home\/confrariacaliz\/#breadcrumb"},"inLanguage":"es","potentialAction":[{"@type":"ReadAction","target":["https:\/\/operaeucharistica.org\/home\/confrariacaliz\/"]}]},{"@type":"BreadcrumbList","@id":"https:\/\/operaeucharistica.org\/home\/confrariacaliz\/#breadcrumb","itemListElement":[{"@type":"ListItem","position":1,"name":"Portada","item":"https:\/\/operaeucharistica.org\/home\/"},{"@type":"ListItem","position":2,"name":"confraria caliz"}]},{"@type":"WebSite","@id":"https:\/\/operaeucharistica.org\/home\/#website","url":"https:\/\/operaeucharistica.org\/home\/","name":"Tecum Viajes","description":"Fundac\u00edon de las Obras Eucaristicas","potentialAction":[{"@type":"SearchAction","target":{"@type":"EntryPoint","urlTemplate":"https:\/\/operaeucharistica.org\/home\/?s={search_term_string}"},"query-input":{"@type":"PropertyValueSpecification","valueRequired":true,"valueName":"search_term_string"}}],"inLanguage":"es"}]}},"_links":{"self":[{"href":"https:\/\/operaeucharistica.org\/home\/wp-json\/wp\/v2\/pages\/2458","targetHints":{"allow":["GET"]}}],"collection":[{"href":"https:\/\/operaeucharistica.org\/home\/wp-json\/wp\/v2\/pages"}],"about":[{"href":"https:\/\/operaeucharistica.org\/home\/wp-json\/wp\/v2\/types\/page"}],"author":[{"embeddable":true,"href":"https:\/\/operaeucharistica.org\/home\/wp-json\/wp\/v2\/users\/1"}],"replies":[{"embeddable":true,"href":"https:\/\/operaeucharistica.org\/home\/wp-json\/wp\/v2\/comments?post=2458"}],"version-history":[{"count":8,"href":"https:\/\/operaeucharistica.org\/home\/wp-json\/wp\/v2\/pages\/2458\/revisions"}],"predecessor-version":[{"id":3013,"href":"https:\/\/operaeucharistica.org\/home\/wp-json\/wp\/v2\/pages\/2458\/revisions\/3013"}],"wp:attachment":[{"href":"https:\/\/operaeucharistica.org\/home\/wp-json\/wp\/v2\/media?parent=2458"}],"curies":[{"name":"wp","href":"https:\/\/api.w.org\/{rel}","templated":true}]}}

<div data-elementor-type="wp-page" data-elementor-id="2458" class="elementor elementor-2458" data-elementor-post-type="page">
				<div class="elementor-element elementor-element-60bd1d8 e-flex e-con-boxed e-con e-parent" data-id="60bd1d8" data-element_type="container" data-e-type="container" data-settings="{&quot;background_background&quot;:&quot;classic&quot;}">
					<div class="e-con-inner">
				<div class="elementor-element elementor-element-4d50414 elementor-widget__width-initial elementor-widget elementor-widget-heading" data-id="4d50414" data-element_type="widget" data-e-type="widget" data-widget_type="heading.default">
				<div class="elementor-widget-container">
					<h1 class="elementor-heading-title elementor-size-default">Miembros del Consejo</h1>				</div>
				</div>
				<div class="elementor-element elementor-element-1d4a817 elementor-widget elementor-widget-text-editor" data-id="1d4a817" data-element_type="widget" data-e-type="widget" data-widget_type="text-editor.default">
				<div class="elementor-widget-container">
									<p><strong>Adoremos in Aeternum Sanctissimum Sacramentum</strong></p>								</div>
				</div>
					</div>
				</div>
		<div class="elementor-element elementor-element-2883007 e-flex e-con-boxed e-con e-parent" data-id="2883007" data-element_type="container" data-e-type="container">
					<div class="e-con-inner">
					</div>
				</div>
		<div class="elementor-element elementor-element-02d6205 e-flex e-con-boxed e-con e-parent" data-id="02d6205" data-element_type="container" data-e-type="container">
					<div class="e-con-inner">
				<div class="elementor-element elementor-element-a606d4c elementor-widget-divider--view-line elementor-widget elementor-widget-divider" data-id="a606d4c" data-element_type="widget" data-e-type="widget" data-widget_type="divider.default">
				<div class="elementor-widget-container">
							<div class="elementor-divider">
			<span class="elementor-divider-separator">
						</span>
		</div>
						</div>
				</div>
					</div>
				</div>
		<div class="elementor-element elementor-element-2f949fb e-flex e-con-boxed e-con e-parent" data-id="2f949fb" data-element_type="container" data-e-type="container">
					<div class="e-con-inner">
				<div class="elementor-element elementor-element-247add9 elementor-vertical-align-top elementor-widget elementor-widget-image-box" data-id="247add9" data-element_type="widget" data-e-type="widget" data-widget_type="image-box.default">
				<div class="elementor-widget-container">
					<div class="elementor-image-box-wrapper"><div class="elementor-image-box-content"><h3 class="elementor-image-box-title">COFRADÍA DEL SANTO CÁLIZ DE LA CENA DEL SEÑOR  DE LA CATEDRAL DE VALENCIA</h3><p class="elementor-image-box-description">Catedral de Valencia <br>
Plaza Almoina s/n <br>
46003 - VALENCIA      (España) <br>
Web: http:/ www.cofradiasatocaliz.com <br>
E-mail: contacto@cofradiasantocaliz.com <br>
Presidente: Don Francisco Corral Pérez
<br> 
Vicepresidenta: Doña María Rosa Merchan Manrique.<br> Secretario: Don Daniel del Alámo Martín Aragón.<br>Tesorera: Doña Tatiana Rodríguez Fernández. <br>Vocal de Liturgia: Don Ignacio Acevedo Bermúdez.
<br>Vocal de Hermandades y Cofradías: Don Benito Hernández Gómez.
<br>Vocal de Retiros y Peregrinaciones: Enma Marugan Paloma
<br>Email: torrijos@architoledo.org
</p></div></div>				</div>
				</div>
					</div>
				</div>
				</div>

<p>Miembros del Consejo Adoremos in Aeternum Sanctissimum Sacramentum COFRADÍA DEL SANTO CÁLIZ DE LA CENA DEL SEÑOR DE LA CATEDRAL DE VALENCIA Catedral de Valencia Plaza Almoina s/n 46003 &#8211; VALENCIA (España) Web: http:/ www.cofradiasatocaliz.com E-mail: contacto@cofradiasantocaliz.com Presidente: Don Francisco Corral Pérez Vicepresidenta: Doña María Rosa Merchan Manrique. Secretario: Don Daniel del Alámo Martín Aragón.Tesorera: [&hellip;]</p>

<!-- This site is optimized with the Yoast SEO plugin v24.3 - https://yoast.com/wordpress/plugins/seo/ -->
<title>confraria caliz - Opera Eucharistica</title>
<meta name="robots" content="noindex, follow, max-snippet:-1, max-image-preview:large, max-video-preview:-1" />
<meta property="og:locale" content="es_ES" />
<meta property="og:type" content="article" />
<meta property="og:title" content="confraria caliz - Opera Eucharistica" />
<meta property="og:description" content="Miembros del Consejo Adoremos in Aeternum Sanctissimum Sacramentum COFRADÍA DEL SANTO CÁLIZ DE LA CENA DEL SEÑOR DE LA CATEDRAL DE VALENCIA Catedral de Valencia Plaza Almoina s/n 46003 &#8211; VALENCIA (España) Web: http:/ www.cofradiasatocaliz.com E-mail: contacto@cofradiasantocaliz.com Presidente: Don Francisco Corral Pérez Vicepresidenta: Doña María Rosa Merchan Manrique. Secretario: Don Daniel del Alámo Martín Aragón.Tesorera: [&hellip;]" />
<meta property="og:url" content="https://operaeucharistica.org/home/confrariacaliz/" />
<meta property="og:site_name" content="Opera Eucharistica" />
<meta property="article:publisher" content="https://www.facebook.com/ttecumviajes/" />
<meta property="article:modified_time" content="2025-12-11T21:56:58+00:00" />
<meta name="twitter:card" content="summary_large_image" />
<meta name="twitter:label1" content="Tiempo de lectura" />
	<meta name="twitter:data1" content="1 minuto" />
<script type="application/ld+json" class="yoast-schema-graph">{"@context":"https://schema.org","@graph":[{"@type":"WebPage","@id":"https://operaeucharistica.org/home/confrariacaliz/","url":"https://operaeucharistica.org/home/confrariacaliz/","name":"confraria caliz - Opera Eucharistica","isPartOf":{"@id":"https://operaeucharistica.org/home/#website"},"datePublished":"2025-02-16T22:33:07+00:00","dateModified":"2025-12-11T21:56:58+00:00","breadcrumb":{"@id":"https://operaeucharistica.org/home/confrariacaliz/#breadcrumb"},"inLanguage":"es","potentialAction":[{"@type":"ReadAction","target":["https://operaeucharistica.org/home/confrariacaliz/"]}]},{"@type":"BreadcrumbList","@id":"https://operaeucharistica.org/home/confrariacaliz/#breadcrumb","itemListElement":[{"@type":"ListItem","position":1,"name":"Portada","item":"https://operaeucharistica.org/home/"},{"@type":"ListItem","position":2,"name":"confraria caliz"}]},{"@type":"WebSite","@id":"https://operaeucharistica.org/home/#website","url":"https://operaeucharistica.org/home/","name":"Tecum Viajes","description":"Fundacíon de las Obras Eucaristicas","potentialAction":[{"@type":"SearchAction","target":{"@type":"EntryPoint","urlTemplate":"https://operaeucharistica.org/home/?s={search_term_string}"},"query-input":{"@type":"PropertyValueSpecification","valueRequired":true,"valueName":"search_term_string"}}],"inLanguage":"es"}]}</script>
<!-- / Yoast SEO plugin. -->

Miembros del Consejo Adoremos in Aeternum Sanctissimum Sacramentum COFRADÍA DEL SANTO CÁLIZ DE LA CENA DEL SEÑOR DE LA CATEDRAL DE VALENCIA Catedral de Valencia Plaza Almoina s/n 46003 &#8211; VALENCIA (España) Web: http:/ www.cofradiasatocaliz.com E-mail: contacto@cofradiasantocaliz.com Presidente: Don Francisco Corral Pérez Vicepresidenta: Doña María Rosa Merchan Manrique. Secretario: Don Daniel del Alámo Martín Aragón.Tesorera: [&hellip;]

Fundacíon de las Obras Eucaristicas
