{"id":2341,"date":"2025-02-16T22:18:46","date_gmt":"2025-02-16T21:18:46","guid":{"rendered":"https:\/\/operaeucharistica.org\/home\/?page_id=2341"},"modified":"2025-02-16T22:32:48","modified_gmt":"2025-02-16T21:32:48","slug":"nocturnaespanola","status":"publish","type":"page","link":"https:\/\/operaeucharistica.org\/home\/nocturnaespanola\/","title":{"rendered":"Adoraci\u00f3n Nocturna Espa\u00f1ola"},"content":{"rendered":"\t\t<div data-elementor-type=\"wp-page\" data-elementor-id=\"2341\" class=\"elementor elementor-2341\" data-elementor-post-type=\"page\">\n\t\t\t\t<div class=\"elementor-element elementor-element-60bd1d8 e-flex e-con-boxed e-con e-parent\" data-id=\"60bd1d8\" data-element_type=\"container\" data-e-type=\"container\" data-settings=\"{&quot;background_background&quot;:&quot;classic&quot;}\">\n\t\t\t\t\t<div class=\"e-con-inner\">\n\t\t\t\t<div class=\"elementor-element elementor-element-4d50414 elementor-widget__width-initial elementor-widget elementor-widget-heading\" data-id=\"4d50414\" data-element_type=\"widget\" data-e-type=\"widget\" data-widget_type=\"heading.default\">\n\t\t\t\t<div class=\"elementor-widget-container\">\n\t\t\t\t\t<h1 class=\"elementor-heading-title elementor-size-default\">Miembros del Consejo<\/h1>\t\t\t\t<\/div>\n\t\t\t\t<\/div>\n\t\t\t\t<div class=\"elementor-element elementor-element-1d4a817 elementor-widget elementor-widget-text-editor\" data-id=\"1d4a817\" data-element_type=\"widget\" data-e-type=\"widget\" data-widget_type=\"text-editor.default\">\n\t\t\t\t<div class=\"elementor-widget-container\">\n\t\t\t\t\t\t\t\t\t<p><strong>Adoremos in Aeternum Sanctissimum Sacramentum<\/strong><\/p>\t\t\t\t\t\t\t\t<\/div>\n\t\t\t\t<\/div>\n\t\t\t\t\t<\/div>\n\t\t\t\t<\/div>\n\t\t<div class=\"elementor-element elementor-element-2883007 e-flex e-con-boxed e-con e-parent\" data-id=\"2883007\" data-element_type=\"container\" data-e-type=\"container\">\n\t\t\t\t\t<div class=\"e-con-inner\">\n\t\t\t\t\t<\/div>\n\t\t\t\t<\/div>\n\t\t<div class=\"elementor-element elementor-element-02d6205 e-flex e-con-boxed e-con e-parent\" data-id=\"02d6205\" data-element_type=\"container\" data-e-type=\"container\">\n\t\t\t\t\t<div class=\"e-con-inner\">\n\t\t\t\t<div class=\"elementor-element elementor-element-a606d4c elementor-widget-divider--view-line elementor-widget elementor-widget-divider\" data-id=\"a606d4c\" data-element_type=\"widget\" data-e-type=\"widget\" data-widget_type=\"divider.default\">\n\t\t\t\t<div class=\"elementor-widget-container\">\n\t\t\t\t\t\t\t<div class=\"elementor-divider\">\n\t\t\t<span class=\"elementor-divider-separator\">\n\t\t\t\t\t\t<\/span>\n\t\t<\/div>\n\t\t\t\t\t\t<\/div>\n\t\t\t\t<\/div>\n\t\t\t\t\t<\/div>\n\t\t\t\t<\/div>\n\t\t<div class=\"elementor-element elementor-element-2f949fb e-flex e-con-boxed e-con e-parent\" data-id=\"2f949fb\" data-element_type=\"container\" data-e-type=\"container\">\n\t\t\t\t\t<div class=\"e-con-inner\">\n\t\t\t\t<div class=\"elementor-element elementor-element-5dee8a1 elementor-position-left elementor-vertical-align-top elementor-widget elementor-widget-image-box\" data-id=\"5dee8a1\" data-element_type=\"widget\" data-e-type=\"widget\" data-widget_type=\"image-box.default\">\n\t\t\t\t<div class=\"elementor-widget-container\">\n\t\t\t\t\t<div class=\"elementor-image-box-wrapper\"><figure class=\"elementor-image-box-img\"><img decoding=\"async\" src=\"https:\/\/operaeucharistica.org\/wp-content\/uploads\/elementor\/thumbs\/Captura-de-pantalla-2025-02-15-a-las-21.20.11-r1k49q3n853zlte8n9u4ud579166a4mow3ddsrqiis.png\" title=\"Captura de pantalla 2025-02-15 a las 21.20.11\" alt=\"Captura de pantalla 2025-02-15 a las 21.20.11\" loading=\"lazy\" \/><\/figure><div class=\"elementor-image-box-content\"><h3 class=\"elementor-image-box-title\">ADORACI\u00d3N NOCTURNA ESPA\u00d1OLA<\/h3><p class=\"elementor-image-box-description\">ADORACI\u00d3N NOCTURNA ESPA\u00d1OLA<br>\nC\/Carranza, 3-2\u00ba-Dcha\n28004 - MADRID (Espa\u00f1a)\n<br>Web:  http:\/\/www.adoracion-nocturna.org\n<br>E-mail: consejo@adoracion-nocturna.org<\/p><\/div><\/div>\t\t\t\t<\/div>\n\t\t\t\t<\/div>\n\t\t\t\t\t<\/div>\n\t\t\t\t<\/div>\n\t\t\t\t<\/div>\n\t\t","protected":false},"excerpt":{"rendered":"<p>Miembros del Consejo Adoremos in Aeternum Sanctissimum Sacramentum ADORACI\u00d3N NOCTURNA ESPA\u00d1OLA ADORACI\u00d3N NOCTURNA ESPA\u00d1OLA C\/Carranza, 3-2\u00ba-Dcha 28004 &#8211; MADRID (Espa\u00f1a) Web: http:\/\/www.adoracion-nocturna.org E-mail: consejo@adoracion-nocturna.org<\/p>\n","protected":false},"author":1,"featured_media":0,"parent":0,"menu_order":0,"comment_status":"closed","ping_status":"closed","template":"elementor_header_footer","meta":{"_joinchat":[],"footnotes":""},"class_list":["post-2341","page","type-page","status-publish","hentry"],"yoast_head":"<!-- This site is optimized with the Yoast SEO plugin v24.3 - https:\/\/yoast.com\/wordpress\/plugins\/seo\/ -->\n<title>Adoraci\u00f3n Nocturna Espa\u00f1ola - Opera Eucharistica<\/title>\n<meta name=\"robots\" content=\"noindex, follow, max-snippet:-1, max-image-preview:large, max-video-preview:-1\" \/>\n<meta property=\"og:locale\" content=\"es_ES\" \/>\n<meta property=\"og:type\" content=\"article\" \/>\n<meta property=\"og:title\" content=\"Adoraci\u00f3n Nocturna Espa\u00f1ola - Opera Eucharistica\" \/>\n<meta property=\"og:description\" content=\"Miembros del Consejo Adoremos in Aeternum Sanctissimum Sacramentum ADORACI\u00d3N NOCTURNA ESPA\u00d1OLA ADORACI\u00d3N NOCTURNA ESPA\u00d1OLA C\/Carranza, 3-2\u00ba-Dcha 28004 &#8211; MADRID (Espa\u00f1a) Web: http:\/\/www.adoracion-nocturna.org E-mail: consejo@adoracion-nocturna.org\" \/>\n<meta property=\"og:url\" content=\"https:\/\/operaeucharistica.org\/home\/nocturnaespanola\/\" \/>\n<meta property=\"og:site_name\" content=\"Opera Eucharistica\" \/>\n<meta property=\"article:publisher\" content=\"https:\/\/www.facebook.com\/ttecumviajes\/\" \/>\n<meta property=\"article:modified_time\" content=\"2025-02-16T21:32:48+00:00\" \/>\n<meta property=\"og:image\" content=\"https:\/\/operaeucharistica.org\/wp-content\/uploads\/elementor\/thumbs\/Captura-de-pantalla-2025-02-15-a-las-21.20.11-r1k49q3n853zlte8n9u4ud579166a4mow3ddsrqiis.png\" \/>\n<meta name=\"twitter:card\" content=\"summary_large_image\" \/>\n<meta name=\"twitter:label1\" content=\"Tiempo de lectura\" \/>\n\t<meta name=\"twitter:data1\" content=\"1 minuto\" \/>\n<script type=\"application\/ld+json\" class=\"yoast-schema-graph\">{\"@context\":\"https:\/\/schema.org\",\"@graph\":[{\"@type\":\"WebPage\",\"@id\":\"https:\/\/operaeucharistica.org\/home\/nocturnaespanola\/\",\"url\":\"https:\/\/operaeucharistica.org\/home\/nocturnaespanola\/\",\"name\":\"Adoraci\u00f3n Nocturna Espa\u00f1ola - Opera Eucharistica\",\"isPartOf\":{\"@id\":\"https:\/\/operaeucharistica.org\/home\/#website\"},\"primaryImageOfPage\":{\"@id\":\"https:\/\/operaeucharistica.org\/home\/nocturnaespanola\/#primaryimage\"},\"image\":{\"@id\":\"https:\/\/operaeucharistica.org\/home\/nocturnaespanola\/#primaryimage\"},\"thumbnailUrl\":\"https:\/\/operaeucharistica.org\/wp-content\/uploads\/elementor\/thumbs\/Captura-de-pantalla-2025-02-15-a-las-21.20.11-r1k49q3n853zlte8n9u4ud579166a4mow3ddsrqiis.png\",\"datePublished\":\"2025-02-16T21:18:46+00:00\",\"dateModified\":\"2025-02-16T21:32:48+00:00\",\"breadcrumb\":{\"@id\":\"https:\/\/operaeucharistica.org\/home\/nocturnaespanola\/#breadcrumb\"},\"inLanguage\":\"es\",\"potentialAction\":[{\"@type\":\"ReadAction\",\"target\":[\"https:\/\/operaeucharistica.org\/home\/nocturnaespanola\/\"]}]},{\"@type\":\"ImageObject\",\"inLanguage\":\"es\",\"@id\":\"https:\/\/operaeucharistica.org\/home\/nocturnaespanola\/#primaryimage\",\"url\":\"https:\/\/operaeucharistica.org\/wp-content\/uploads\/elementor\/thumbs\/Captura-de-pantalla-2025-02-15-a-las-21.20.11-r1k49q3n853zlte8n9u4ud579166a4mow3ddsrqiis.png\",\"contentUrl\":\"https:\/\/operaeucharistica.org\/wp-content\/uploads\/elementor\/thumbs\/Captura-de-pantalla-2025-02-15-a-las-21.20.11-r1k49q3n853zlte8n9u4ud579166a4mow3ddsrqiis.png\"},{\"@type\":\"BreadcrumbList\",\"@id\":\"https:\/\/operaeucharistica.org\/home\/nocturnaespanola\/#breadcrumb\",\"itemListElement\":[{\"@type\":\"ListItem\",\"position\":1,\"name\":\"Portada\",\"item\":\"https:\/\/operaeucharistica.org\/home\/\"},{\"@type\":\"ListItem\",\"position\":2,\"name\":\"Adoraci\u00f3n Nocturna Espa\u00f1ola\"}]},{\"@type\":\"WebSite\",\"@id\":\"https:\/\/operaeucharistica.org\/home\/#website\",\"url\":\"https:\/\/operaeucharistica.org\/home\/\",\"name\":\"Tecum Viajes\",\"description\":\"Fundac\u00edon de las Obras Eucaristicas\",\"potentialAction\":[{\"@type\":\"SearchAction\",\"target\":{\"@type\":\"EntryPoint\",\"urlTemplate\":\"https:\/\/operaeucharistica.org\/home\/?s={search_term_string}\"},\"query-input\":{\"@type\":\"PropertyValueSpecification\",\"valueRequired\":true,\"valueName\":\"search_term_string\"}}],\"inLanguage\":\"es\"}]}<\/script>\n<!-- \/ Yoast SEO plugin. -->","yoast_head_json":{"title":"Adoraci\u00f3n Nocturna Espa\u00f1ola - Opera Eucharistica","robots":{"index":"noindex","follow":"follow","max-snippet":"max-snippet:-1","max-image-preview":"max-image-preview:large","max-video-preview":"max-video-preview:-1"},"og_locale":"es_ES","og_type":"article","og_title":"Adoraci\u00f3n Nocturna Espa\u00f1ola - Opera Eucharistica","og_description":"Miembros del Consejo Adoremos in Aeternum Sanctissimum Sacramentum ADORACI\u00d3N NOCTURNA ESPA\u00d1OLA ADORACI\u00d3N NOCTURNA ESPA\u00d1OLA C\/Carranza, 3-2\u00ba-Dcha 28004 &#8211; MADRID (Espa\u00f1a) Web: http:\/\/www.adoracion-nocturna.org E-mail: consejo@adoracion-nocturna.org","og_url":"https:\/\/operaeucharistica.org\/home\/nocturnaespanola\/","og_site_name":"Opera Eucharistica","article_publisher":"https:\/\/www.facebook.com\/ttecumviajes\/","article_modified_time":"2025-02-16T21:32:48+00:00","og_image":[{"url":"https:\/\/operaeucharistica.org\/wp-content\/uploads\/elementor\/thumbs\/Captura-de-pantalla-2025-02-15-a-las-21.20.11-r1k49q3n853zlte8n9u4ud579166a4mow3ddsrqiis.png","type":"","width":"","height":""}],"twitter_card":"summary_large_image","twitter_misc":{"Tiempo de lectura":"1 minuto"},"schema":{"@context":"https:\/\/schema.org","@graph":[{"@type":"WebPage","@id":"https:\/\/operaeucharistica.org\/home\/nocturnaespanola\/","url":"https:\/\/operaeucharistica.org\/home\/nocturnaespanola\/","name":"Adoraci\u00f3n Nocturna Espa\u00f1ola - Opera Eucharistica","isPartOf":{"@id":"https:\/\/operaeucharistica.org\/home\/#website"},"primaryImageOfPage":{"@id":"https:\/\/operaeucharistica.org\/home\/nocturnaespanola\/#primaryimage"},"image":{"@id":"https:\/\/operaeucharistica.org\/home\/nocturnaespanola\/#primaryimage"},"thumbnailUrl":"https:\/\/operaeucharistica.org\/wp-content\/uploads\/elementor\/thumbs\/Captura-de-pantalla-2025-02-15-a-las-21.20.11-r1k49q3n853zlte8n9u4ud579166a4mow3ddsrqiis.png","datePublished":"2025-02-16T21:18:46+00:00","dateModified":"2025-02-16T21:32:48+00:00","breadcrumb":{"@id":"https:\/\/operaeucharistica.org\/home\/nocturnaespanola\/#breadcrumb"},"inLanguage":"es","potentialAction":[{"@type":"ReadAction","target":["https:\/\/operaeucharistica.org\/home\/nocturnaespanola\/"]}]},{"@type":"ImageObject","inLanguage":"es","@id":"https:\/\/operaeucharistica.org\/home\/nocturnaespanola\/#primaryimage","url":"https:\/\/operaeucharistica.org\/wp-content\/uploads\/elementor\/thumbs\/Captura-de-pantalla-2025-02-15-a-las-21.20.11-r1k49q3n853zlte8n9u4ud579166a4mow3ddsrqiis.png","contentUrl":"https:\/\/operaeucharistica.org\/wp-content\/uploads\/elementor\/thumbs\/Captura-de-pantalla-2025-02-15-a-las-21.20.11-r1k49q3n853zlte8n9u4ud579166a4mow3ddsrqiis.png"},{"@type":"BreadcrumbList","@id":"https:\/\/operaeucharistica.org\/home\/nocturnaespanola\/#breadcrumb","itemListElement":[{"@type":"ListItem","position":1,"name":"Portada","item":"https:\/\/operaeucharistica.org\/home\/"},{"@type":"ListItem","position":2,"name":"Adoraci\u00f3n Nocturna Espa\u00f1ola"}]},{"@type":"WebSite","@id":"https:\/\/operaeucharistica.org\/home\/#website","url":"https:\/\/operaeucharistica.org\/home\/","name":"Tecum Viajes","description":"Fundac\u00edon de las Obras Eucaristicas","potentialAction":[{"@type":"SearchAction","target":{"@type":"EntryPoint","urlTemplate":"https:\/\/operaeucharistica.org\/home\/?s={search_term_string}"},"query-input":{"@type":"PropertyValueSpecification","valueRequired":true,"valueName":"search_term_string"}}],"inLanguage":"es"}]}},"_links":{"self":[{"href":"https:\/\/operaeucharistica.org\/home\/wp-json\/wp\/v2\/pages\/2341","targetHints":{"allow":["GET"]}}],"collection":[{"href":"https:\/\/operaeucharistica.org\/home\/wp-json\/wp\/v2\/pages"}],"about":[{"href":"https:\/\/operaeucharistica.org\/home\/wp-json\/wp\/v2\/types\/page"}],"author":[{"embeddable":true,"href":"https:\/\/operaeucharistica.org\/home\/wp-json\/wp\/v2\/users\/1"}],"replies":[{"embeddable":true,"href":"https:\/\/operaeucharistica.org\/home\/wp-json\/wp\/v2\/comments?post=2341"}],"version-history":[{"count":7,"href":"https:\/\/operaeucharistica.org\/home\/wp-json\/wp\/v2\/pages\/2341\/revisions"}],"predecessor-version":[{"id":2352,"href":"https:\/\/operaeucharistica.org\/home\/wp-json\/wp\/v2\/pages\/2341\/revisions\/2352"}],"wp:attachment":[{"href":"https:\/\/operaeucharistica.org\/home\/wp-json\/wp\/v2\/media?parent=2341"}],"curies":[{"name":"wp","href":"https:\/\/api.w.org\/{rel}","templated":true}]}}

Adoración Nocturna Española

<div data-elementor-type="wp-page" data-elementor-id="2341" class="elementor elementor-2341" data-elementor-post-type="page">
				<div class="elementor-element elementor-element-60bd1d8 e-flex e-con-boxed e-con e-parent" data-id="60bd1d8" data-element_type="container" data-e-type="container" data-settings="{&quot;background_background&quot;:&quot;classic&quot;}">
					<div class="e-con-inner">
				<div class="elementor-element elementor-element-4d50414 elementor-widget__width-initial elementor-widget elementor-widget-heading" data-id="4d50414" data-element_type="widget" data-e-type="widget" data-widget_type="heading.default">
				<div class="elementor-widget-container">
					<h1 class="elementor-heading-title elementor-size-default">Miembros del Consejo</h1>				</div>
				</div>
				<div class="elementor-element elementor-element-1d4a817 elementor-widget elementor-widget-text-editor" data-id="1d4a817" data-element_type="widget" data-e-type="widget" data-widget_type="text-editor.default">
				<div class="elementor-widget-container">
									<p><strong>Adoremos in Aeternum Sanctissimum Sacramentum</strong></p>								</div>
				</div>
					</div>
				</div>
		<div class="elementor-element elementor-element-2883007 e-flex e-con-boxed e-con e-parent" data-id="2883007" data-element_type="container" data-e-type="container">
					<div class="e-con-inner">
					</div>
				</div>
		<div class="elementor-element elementor-element-02d6205 e-flex e-con-boxed e-con e-parent" data-id="02d6205" data-element_type="container" data-e-type="container">
					<div class="e-con-inner">
				<div class="elementor-element elementor-element-a606d4c elementor-widget-divider--view-line elementor-widget elementor-widget-divider" data-id="a606d4c" data-element_type="widget" data-e-type="widget" data-widget_type="divider.default">
				<div class="elementor-widget-container">
							<div class="elementor-divider">
			<span class="elementor-divider-separator">
						</span>
		</div>
						</div>
				</div>
					</div>
				</div>
		<div class="elementor-element elementor-element-2f949fb e-flex e-con-boxed e-con e-parent" data-id="2f949fb" data-element_type="container" data-e-type="container">
					<div class="e-con-inner">
				<div class="elementor-element elementor-element-5dee8a1 elementor-position-left elementor-vertical-align-top elementor-widget elementor-widget-image-box" data-id="5dee8a1" data-element_type="widget" data-e-type="widget" data-widget_type="image-box.default">
				<div class="elementor-widget-container">
					<div class="elementor-image-box-wrapper"><figure class="elementor-image-box-img"><img decoding="async" src="https://operaeucharistica.org/wp-content/uploads/elementor/thumbs/Captura-de-pantalla-2025-02-15-a-las-21.20.11-r1k49q3n853zlte8n9u4ud579166a4mow3ddsrqiis.png" title="Captura de pantalla 2025-02-15 a las 21.20.11" alt="Captura de pantalla 2025-02-15 a las 21.20.11" loading="lazy" /></figure><div class="elementor-image-box-content"><h3 class="elementor-image-box-title">ADORACIÓN NOCTURNA ESPAÑOLA</h3><p class="elementor-image-box-description">ADORACIÓN NOCTURNA ESPAÑOLA<br>
C/Carranza, 3-2º-Dcha
28004 - MADRID (España)
<br>Web:  http://www.adoracion-nocturna.org
<br>E-mail: consejo@adoracion-nocturna.org</p></div></div>				</div>
				</div>
					</div>
				</div>
				</div>

<p>Miembros del Consejo Adoremos in Aeternum Sanctissimum Sacramentum ADORACIÓN NOCTURNA ESPAÑOLA ADORACIÓN NOCTURNA ESPAÑOLA C/Carranza, 3-2º-Dcha 28004 &#8211; MADRID (España) Web: http://www.adoracion-nocturna.org E-mail: consejo@adoracion-nocturna.org</p>

<!-- This site is optimized with the Yoast SEO plugin v24.3 - https://yoast.com/wordpress/plugins/seo/ -->
<title>Adoración Nocturna Española - Opera Eucharistica</title>
<meta name="robots" content="noindex, follow, max-snippet:-1, max-image-preview:large, max-video-preview:-1" />
<meta property="og:locale" content="es_ES" />
<meta property="og:type" content="article" />
<meta property="og:title" content="Adoración Nocturna Española - Opera Eucharistica" />
<meta property="og:description" content="Miembros del Consejo Adoremos in Aeternum Sanctissimum Sacramentum ADORACIÓN NOCTURNA ESPAÑOLA ADORACIÓN NOCTURNA ESPAÑOLA C/Carranza, 3-2º-Dcha 28004 &#8211; MADRID (España) Web: http://www.adoracion-nocturna.org E-mail: consejo@adoracion-nocturna.org" />
<meta property="og:url" content="https://operaeucharistica.org/home/nocturnaespanola/" />
<meta property="og:site_name" content="Opera Eucharistica" />
<meta property="article:publisher" content="https://www.facebook.com/ttecumviajes/" />
<meta property="article:modified_time" content="2025-02-16T21:32:48+00:00" />
<meta property="og:image" content="https://operaeucharistica.org/wp-content/uploads/elementor/thumbs/Captura-de-pantalla-2025-02-15-a-las-21.20.11-r1k49q3n853zlte8n9u4ud579166a4mow3ddsrqiis.png" />
<meta name="twitter:card" content="summary_large_image" />
<meta name="twitter:label1" content="Tiempo de lectura" />
	<meta name="twitter:data1" content="1 minuto" />
<script type="application/ld+json" class="yoast-schema-graph">{"@context":"https://schema.org","@graph":[{"@type":"WebPage","@id":"https://operaeucharistica.org/home/nocturnaespanola/","url":"https://operaeucharistica.org/home/nocturnaespanola/","name":"Adoración Nocturna Española - Opera Eucharistica","isPartOf":{"@id":"https://operaeucharistica.org/home/#website"},"primaryImageOfPage":{"@id":"https://operaeucharistica.org/home/nocturnaespanola/#primaryimage"},"image":{"@id":"https://operaeucharistica.org/home/nocturnaespanola/#primaryimage"},"thumbnailUrl":"https://operaeucharistica.org/wp-content/uploads/elementor/thumbs/Captura-de-pantalla-2025-02-15-a-las-21.20.11-r1k49q3n853zlte8n9u4ud579166a4mow3ddsrqiis.png","datePublished":"2025-02-16T21:18:46+00:00","dateModified":"2025-02-16T21:32:48+00:00","breadcrumb":{"@id":"https://operaeucharistica.org/home/nocturnaespanola/#breadcrumb"},"inLanguage":"es","potentialAction":[{"@type":"ReadAction","target":["https://operaeucharistica.org/home/nocturnaespanola/"]}]},{"@type":"ImageObject","inLanguage":"es","@id":"https://operaeucharistica.org/home/nocturnaespanola/#primaryimage","url":"https://operaeucharistica.org/wp-content/uploads/elementor/thumbs/Captura-de-pantalla-2025-02-15-a-las-21.20.11-r1k49q3n853zlte8n9u4ud579166a4mow3ddsrqiis.png","contentUrl":"https://operaeucharistica.org/wp-content/uploads/elementor/thumbs/Captura-de-pantalla-2025-02-15-a-las-21.20.11-r1k49q3n853zlte8n9u4ud579166a4mow3ddsrqiis.png"},{"@type":"BreadcrumbList","@id":"https://operaeucharistica.org/home/nocturnaespanola/#breadcrumb","itemListElement":[{"@type":"ListItem","position":1,"name":"Portada","item":"https://operaeucharistica.org/home/"},{"@type":"ListItem","position":2,"name":"Adoración Nocturna Española"}]},{"@type":"WebSite","@id":"https://operaeucharistica.org/home/#website","url":"https://operaeucharistica.org/home/","name":"Tecum Viajes","description":"Fundacíon de las Obras Eucaristicas","potentialAction":[{"@type":"SearchAction","target":{"@type":"EntryPoint","urlTemplate":"https://operaeucharistica.org/home/?s={search_term_string}"},"query-input":{"@type":"PropertyValueSpecification","valueRequired":true,"valueName":"search_term_string"}}],"inLanguage":"es"}]}</script>
<!-- / Yoast SEO plugin. -->

Adoración Nocturna Española - Opera Eucharistica

Miembros del Consejo Adoremos in Aeternum Sanctissimum Sacramentum ADORACIÓN NOCTURNA ESPAÑOLA ADORACIÓN NOCTURNA ESPAÑOLA C/Carranza, 3-2º-Dcha 28004 &#8211; MADRID (España) Web: http://www.adoracion-nocturna.org E-mail: consejo@adoracion-nocturna.org

Fundacíon de las Obras Eucaristicas
