{"version":"1.0","provider_name":"Opera Eucharistica","provider_url":"https:\/\/operaeucharistica.org\/home","author_name":"ivangpielak","author_url":"https:\/\/operaeucharistica.org\/home\/author\/ivangpielak\/","title":"milagreseucaristicositalia - Opera Eucharistica","type":"rich","width":600,"height":338,"html":"<blockquote class=\"wp-embedded-content\" data-secret=\"2xQDgPCvXz\"><a href=\"https:\/\/operaeucharistica.org\/home\/milagreseucaristicositalia\/\">milagreseucaristicositalia<\/a><\/blockquote><iframe sandbox=\"allow-scripts\" security=\"restricted\" src=\"https:\/\/operaeucharistica.org\/home\/milagreseucaristicositalia\/embed\/#?secret=2xQDgPCvXz\" width=\"600\" height=\"338\" title=\"\u00abmilagreseucaristicositalia\u00bb \u2014 Opera Eucharistica\" data-secret=\"2xQDgPCvXz\" frameborder=\"0\" marginwidth=\"0\" marginheight=\"0\" scrolling=\"no\" class=\"wp-embedded-content\"><\/iframe><script>\n\/*! This file is auto-generated *\/\n!function(d,l){\"use strict\";l.querySelector&&d.addEventListener&&\"undefined\"!=typeof URL&&(d.wp=d.wp||{},d.wp.receiveEmbedMessage||(d.wp.receiveEmbedMessage=function(e){var t=e.data;if((t||t.secret||t.message||t.value)&&!\/[^a-zA-Z0-9]\/.test(t.secret)){for(var s,r,n,a=l.querySelectorAll('iframe[data-secret=\"'+t.secret+'\"]'),o=l.querySelectorAll('blockquote[data-secret=\"'+t.secret+'\"]'),c=new RegExp(\"^https?:$\",\"i\"),i=0;i<o.length;i++)o[i].style.display=\"none\";for(i=0;i<a.length;i++)s=a[i],e.source===s.contentWindow&&(s.removeAttribute(\"style\"),\"height\"===t.message?(1e3<(r=parseInt(t.value,10))?r=1e3:~~r<200&&(r=200),s.height=r):\"link\"===t.message&&(r=new URL(s.getAttribute(\"src\")),n=new URL(t.value),c.test(n.protocol))&&n.host===r.host&&l.activeElement===s&&(d.top.location.href=t.value))}},d.addEventListener(\"message\",d.wp.receiveEmbedMessage,!1),l.addEventListener(\"DOMContentLoaded\",function(){for(var e,t,s=l.querySelectorAll(\"iframe.wp-embedded-content\"),r=0;r<s.length;r++)(t=(e=s[r]).getAttribute(\"data-secret\"))||(t=Math.random().toString(36).substring(2,12),e.src+=\"#?secret=\"+t,e.setAttribute(\"data-secret\",t)),e.contentWindow.postMessage({message:\"ready\",secret:t},\"*\")},!1)))}(window,document);\n<\/script>\n","description":"Peregrinaci\u00f3n 2025 Adoremos in Aeternum Sanctissimum Sacramentum Palabras del Presidente de la Federaci\u00f3n Don Juan Carlos Mollejo Aparicio D\u00eda a D\u00eda de nuestro viaje https:\/\/youtube.com\/shorts\/oPJA4Rq3xu4https:\/\/www.youtube.com\/shorts\/7Vn97Nlv_SIhttps:\/\/www.youtube.com\/shorts\/DTETd6gpVDwhttps:\/\/www.youtube.com\/shorts\/zUPpBga7uxEhttps:\/\/www.youtube.com\/shorts\/lrb3kWGkFN4https:\/\/www.youtube.com\/shorts\/Ig1Btc11oqAhttps:\/\/www.youtube.com\/shorts\/I6LAWov7HLghttps:\/\/www.youtube.com\/shorts\/ZEmMy6P7NKghttps:\/\/www.youtube.com\/shorts\/-UFnvTmeo_E Momentos especiales Cr\u00f3nica de la Peregrinaci\u00f3n Peregrinaci\u00f3n Eucar\u00edstica al Jubileo de la Esperanza 2025 Lea la Cr\u00f3nica Vea tambi\u00e9n el dossier completo de nuestra peregrinaci\u00f3n","thumbnail_url":"https:\/\/operaeucharistica.org\/wp-content\/uploads\/2025\/03\/Diseno-sin-titulo-5.jpg","thumbnail_width":1414,"thumbnail_height":2000}

Peregrinación 2025 Adoremos in Aeternum Sanctissimum Sacramentum Palabras del Presidente de la Federación Don Juan Carlos Mollejo Aparicio Día a Día de nuestro viaje https://youtube.com/shorts/oPJA4Rq3xu4https://www.youtube.com/shorts/7Vn97Nlv_SIhttps://www.youtube.com/shorts/DTETd6gpVDwhttps://www.youtube.com/shorts/zUPpBga7uxEhttps://www.youtube.com/shorts/lrb3kWGkFN4https://www.youtube.com/shorts/Ig1Btc11oqAhttps://www.youtube.com/shorts/I6LAWov7HLghttps://www.youtube.com/shorts/ZEmMy6P7NKghttps://www.youtube.com/shorts/-UFnvTmeo_E Momentos especiales Crónica de la Peregrinación Peregrinación Eucarística al Jubileo de la Esperanza 2025 Lea la Crónica Vea también el dossier completo de nuestra peregrinación
